{"id":17169,"date":"2017-12-25T22:49:55","date_gmt":"2017-12-25T21:49:55","guid":{"rendered":"https:\/\/blog.kunstgriff.net\/?page_id=17169"},"modified":"2022-09-14T21:04:58","modified_gmt":"2022-09-14T19:04:58","slug":"mein-training-auf-zwift","status":"publish","type":"page","link":"https:\/\/blog.kunstgriff.net\/?page_id=17169","title":{"rendered":"mein Training auf Zwift"},"content":{"rendered":"<span class=\"span-reading-time rt-reading-time\" style=\"display: block;\"><span class=\"rt-label rt-prefix\">Lesezeit: <\/span> <span class=\"rt-time\"> 2<\/span> <span class=\"rt-label rt-postfix\">Minuten<\/span><\/span><p>Nun bin ich schon ein wenig in der virtuellen Welt umher gefahren und werde immer wieder gefragt, wie ich denn mein Training auf <a href=\"https:\/\/zwift.com\" target=\"_blank\" rel=\"noopener noreferrer\">Zwift<\/a> so strukturiere. M\u00f6glichkeiten gibt es ja fast unendlich viele. Man sollte nat\u00fcrlich auch \u00fcberlegen, was man mit dem Training erreichen m\u00f6chte. Bei mir war und ist es das Ziel, mit <em>der Bande<\/em> wieder auf <del>Augenh\u00f6he<\/del> Lenkerh\u00f6he mitfahren zu k\u00f6nnen und nicht immer nach wenigen Sekunden vorne im Wind <del>zu verrecken<\/del> nach hinten durchgereicht zu werden.<\/p>\n<p>Einige Trainings habe ich auf <a href=\"https:\/\/zwift.com\" target=\"_blank\" rel=\"noopener noreferrer\">Zwift<\/a> ausprobiert und am effektivsten empfinde ich dieses Vorgehen, welches ich gerne mit Dir teilen m\u00f6chte:<\/p>\n<ol>\n<li>In Deinem Profil kannst und sollst Du Deinen <a href=\"https:\/\/roadcycling.de\/ratgeber\/training-und-ernaehrung\/laktat-schwellenwert-tipps\/3\" target=\"_blank\" rel=\"noopener noreferrer\">ftp-Wert<\/a> einstellen. Sofern Du einen Wattmesser an Deinem Rad hast, kennst Du diesen im Idealfall bereits. Nun empfehle ich diesen Wert <em>nicht einfach<\/em> 1:1 in\u00a0<a href=\"https:\/\/zwift.com\" target=\"_blank\" rel=\"noopener noreferrer\">Zwift<\/a>\u00a0zu \u00fcbernehmen, sondern 40\u201360 Watt darunter einzusteigen. <a href=\"https:\/\/zwift.com\" target=\"_blank\" rel=\"noopener noreferrer\">Zwift<\/a>\u00a0bietet einen eigenen ftp-Test an, von dem ich geh\u00f6rt habe, dass er sehr hart und nicht zielf\u00fchrend sei. Deshalb bin ich einfach ein paar mal so durch die virtuelle Gegend gerollert und habe dann damit begonnen strukturierte Trainings-Pl\u00e4ne zu fahren.\u00a0Diese findest Du direkt in der Zwift App.<\/li>\n<li>Einmal in der Woche fahre ich dann einen etwas anspruchsvolleren Parcours. <a href=\"https:\/\/www.strava.com\/activities\/1320972822\" target=\"_blank\" rel=\"noopener noreferrer\">Watopia &#8211; Three sisters<\/a> eignet sich meiner Meinung nach daf\u00fcr sehr gut, denn es gibt einen langen gleichm\u00e4\u00dfigen Anstieg mit dem sch\u00f6nen Namen \u00bb<a href=\"https:\/\/www.strava.com\/activities\/1320972822\/segments\/32699086238\" target=\"_blank\" rel=\"noopener noreferrer\">Epic-KOM<\/a>\u00ab.\u00a0Auf diesem Anstieg gebe ich alles. Warum? Weil er f\u00fcr mich mindestens 20 Minuten geht und das genau die Zeit ist, die\u00a0<a href=\"https:\/\/zwift.com\" target=\"_blank\" rel=\"noopener noreferrer\">Zwift<\/a>\u00a0ben\u00f6tigt um meinen <a href=\"https:\/\/roadcycling.de\/ratgeber\/training-und-ernaehrung\/laktat-schwellenwert-tipps\/3\" target=\"_blank\" rel=\"noopener noreferrer\">ftp-Wert<\/a> zu bestimmen. Nach <a href=\"https:\/\/www.strava.com\/activities\/1320972822\" target=\"_blank\" rel=\"noopener noreferrer\">dieser Ausfahrt<\/a>, die mich im \u00fcbrigen nahe an die Grenzen meiner Belastbarkeit gebracht hat, war\u00a0<a href=\"https:\/\/zwift.com\" target=\"_blank\" rel=\"noopener noreferrer\">Zwift<\/a>\u00a0so freundlich und hat meinen <a href=\"https:\/\/roadcycling.de\/ratgeber\/training-und-ernaehrung\/laktat-schwellenwert-tipps\/3\" target=\"_blank\" rel=\"noopener noreferrer\">ftp-Wert<\/a>\u00a0um satte 30 Watt erh\u00f6ht.<\/li>\n<li>Nun mache ich mit den begonnenen Trainingsprogrammen einfach weiter. Dabei haben mir die Pl\u00e4ne von <a href=\"https:\/\/www.youtube.com\/user\/globalcyclingnetwork\" target=\"_blank\" rel=\"noopener noreferrer\">GCN<\/a>, welche fest auf\u00a0<a href=\"https:\/\/zwift.com\" target=\"_blank\" rel=\"noopener noreferrer\">Zwift<\/a>\u00a0\u00bbverankert\u00ab sind, sehr geholfen. Du willst im flachen schneller werden? Versuchs mal mit dem: <em>\u00bbDan Lloyd&#8217;s GCN Flat Out Fast Plan\u00ab<\/em><\/li>\n<li>Sofern Dir die Kreativit\u00e4t fehlt und Du in keine w\u00f6chentlichen Trainings einsteigen m\u00f6chtest, kann ich die SST (Sweet-Spot-Trainings) sehr empfehlen, diese trainieren dich genau in dem Entwicklungsbereich, um Deinen <a href=\"https:\/\/roadcycling.de\/ratgeber\/training-und-ernaehrung\/laktat-schwellenwert-tipps\/3\" target=\"_blank\" rel=\"noopener noreferrer\">ftp-Wert<\/a>\u00a0weiter zu erh\u00f6hen.<\/li>\n<\/ol>\n<p>All die Erkenntnisse beruhen nicht auf wissenschaftlichen Studien, sondern fast ausschlie\u00dflich auf meinen pers\u00f6nlichen Beobachtungen. Sollte Dir also an meinen Erkenntnissen etwas unschl\u00fcssig vorkommen, freue ich mich sehr \u00fcber Feedback.<\/p>\n<figure id=\"attachment_17178\" aria-describedby=\"caption-attachment-17178\" style=\"width: 1487px\" class=\"wp-caption aligncenter\"><a href=\"https:\/\/i0.wp.com\/blog.kunstgriff.net\/wp-content\/uploads\/2017\/12\/Dan-Lloyds-GCN-Flat-Out-Fast-Plan.png?ssl=1\"><img data-recalc-dims=\"1\" loading=\"lazy\" decoding=\"async\" data-attachment-id=\"17178\" data-permalink=\"https:\/\/blog.kunstgriff.net\/?attachment_id=17178\" data-orig-file=\"https:\/\/i0.wp.com\/blog.kunstgriff.net\/wp-content\/uploads\/2017\/12\/Dan-Lloyds-GCN-Flat-Out-Fast-Plan.png?fit=1487%2C869&amp;ssl=1\" data-orig-size=\"1487,869\" data-comments-opened=\"1\" data-image-meta=\"{&quot;aperture&quot;:&quot;0&quot;,&quot;credit&quot;:&quot;&quot;,&quot;camera&quot;:&quot;&quot;,&quot;caption&quot;:&quot;&quot;,&quot;created_timestamp&quot;:&quot;0&quot;,&quot;copyright&quot;:&quot;&quot;,&quot;focal_length&quot;:&quot;0&quot;,&quot;iso&quot;:&quot;0&quot;,&quot;shutter_speed&quot;:&quot;0&quot;,&quot;title&quot;:&quot;&quot;,&quot;orientation&quot;:&quot;0&quot;}\" data-image-title=\"Dan Lloyd&amp;#8217;s GCN Flat Out Fast Plan\" data-image-description=\"&lt;p&gt;Dan Lloyd&amp;#8217;s GCN Flat Out Fast Plan&lt;\/p&gt;\n\" data-image-caption=\"&lt;p&gt;Dan Lloyd&amp;#8217;s GCN Flat Out Fast Plan&lt;\/p&gt;\n\" data-large-file=\"https:\/\/i0.wp.com\/blog.kunstgriff.net\/wp-content\/uploads\/2017\/12\/Dan-Lloyds-GCN-Flat-Out-Fast-Plan.png?fit=1024%2C598&amp;ssl=1\" class=\"size-full wp-image-17178\" src=\"https:\/\/i0.wp.com\/blog.kunstgriff.net\/wp-content\/uploads\/2017\/12\/Dan-Lloyds-GCN-Flat-Out-Fast-Plan.png?resize=525%2C307&#038;ssl=1\" alt=\"Dan Lloyd's GCN Flat Out Fast Plan\" width=\"525\" height=\"307\" srcset=\"https:\/\/i0.wp.com\/blog.kunstgriff.net\/wp-content\/uploads\/2017\/12\/Dan-Lloyds-GCN-Flat-Out-Fast-Plan.png?w=1487&amp;ssl=1 1487w, https:\/\/i0.wp.com\/blog.kunstgriff.net\/wp-content\/uploads\/2017\/12\/Dan-Lloyds-GCN-Flat-Out-Fast-Plan.png?resize=300%2C175&amp;ssl=1 300w, https:\/\/i0.wp.com\/blog.kunstgriff.net\/wp-content\/uploads\/2017\/12\/Dan-Lloyds-GCN-Flat-Out-Fast-Plan.png?resize=768%2C449&amp;ssl=1 768w, https:\/\/i0.wp.com\/blog.kunstgriff.net\/wp-content\/uploads\/2017\/12\/Dan-Lloyds-GCN-Flat-Out-Fast-Plan.png?resize=1024%2C598&amp;ssl=1 1024w, https:\/\/i0.wp.com\/blog.kunstgriff.net\/wp-content\/uploads\/2017\/12\/Dan-Lloyds-GCN-Flat-Out-Fast-Plan.png?resize=500%2C292&amp;ssl=1 500w\" sizes=\"auto, (max-width: 767px) 89vw, (max-width: 1000px) 54vw, (max-width: 1071px) 543px, 580px\" \/><\/a><figcaption id=\"caption-attachment-17178\" class=\"wp-caption-text\">Dan Lloyd&#8217;s GCN Flat Out Fast Plan<\/figcaption><\/figure>\n<figure id=\"attachment_17180\" aria-describedby=\"caption-attachment-17180\" style=\"width: 1487px\" class=\"wp-caption aligncenter\"><a href=\"https:\/\/i0.wp.com\/blog.kunstgriff.net\/wp-content\/uploads\/2017\/12\/SST-Training.png?ssl=1\"><img data-recalc-dims=\"1\" loading=\"lazy\" decoding=\"async\" data-attachment-id=\"17180\" data-permalink=\"https:\/\/blog.kunstgriff.net\/?attachment_id=17180\" data-orig-file=\"https:\/\/i0.wp.com\/blog.kunstgriff.net\/wp-content\/uploads\/2017\/12\/SST-Training.png?fit=1487%2C875&amp;ssl=1\" data-orig-size=\"1487,875\" data-comments-opened=\"1\" data-image-meta=\"{&quot;aperture&quot;:&quot;0&quot;,&quot;credit&quot;:&quot;&quot;,&quot;camera&quot;:&quot;&quot;,&quot;caption&quot;:&quot;&quot;,&quot;created_timestamp&quot;:&quot;0&quot;,&quot;copyright&quot;:&quot;&quot;,&quot;focal_length&quot;:&quot;0&quot;,&quot;iso&quot;:&quot;0&quot;,&quot;shutter_speed&quot;:&quot;0&quot;,&quot;title&quot;:&quot;&quot;,&quot;orientation&quot;:&quot;0&quot;}\" data-image-title=\"SST Training\" data-image-description=\"&lt;p&gt;SST Training&lt;\/p&gt;\n\" data-image-caption=\"&lt;p&gt;SST Training&lt;\/p&gt;\n\" data-large-file=\"https:\/\/i0.wp.com\/blog.kunstgriff.net\/wp-content\/uploads\/2017\/12\/SST-Training.png?fit=1024%2C603&amp;ssl=1\" class=\"size-full wp-image-17180\" src=\"https:\/\/i0.wp.com\/blog.kunstgriff.net\/wp-content\/uploads\/2017\/12\/SST-Training.png?resize=525%2C309&#038;ssl=1\" alt=\"SST Training\" width=\"525\" height=\"309\" srcset=\"https:\/\/i0.wp.com\/blog.kunstgriff.net\/wp-content\/uploads\/2017\/12\/SST-Training.png?w=1487&amp;ssl=1 1487w, https:\/\/i0.wp.com\/blog.kunstgriff.net\/wp-content\/uploads\/2017\/12\/SST-Training.png?resize=300%2C177&amp;ssl=1 300w, https:\/\/i0.wp.com\/blog.kunstgriff.net\/wp-content\/uploads\/2017\/12\/SST-Training.png?resize=768%2C452&amp;ssl=1 768w, https:\/\/i0.wp.com\/blog.kunstgriff.net\/wp-content\/uploads\/2017\/12\/SST-Training.png?resize=1024%2C603&amp;ssl=1 1024w, https:\/\/i0.wp.com\/blog.kunstgriff.net\/wp-content\/uploads\/2017\/12\/SST-Training.png?resize=500%2C294&amp;ssl=1 500w\" sizes=\"auto, (max-width: 767px) 89vw, (max-width: 1000px) 54vw, (max-width: 1071px) 543px, 580px\" \/><\/a><figcaption id=\"caption-attachment-17180\" class=\"wp-caption-text\">SST Training<\/figcaption><\/figure>\n<figure id=\"attachment_17174\" aria-describedby=\"caption-attachment-17174\" style=\"width: 2560px\" class=\"wp-caption aligncenter\"><a href=\"https:\/\/i0.wp.com\/blog.kunstgriff.net\/wp-content\/uploads\/2017\/12\/ride-report.jpg?ssl=1\"><img data-recalc-dims=\"1\" loading=\"lazy\" decoding=\"async\" data-attachment-id=\"17174\" data-permalink=\"https:\/\/blog.kunstgriff.net\/?attachment_id=17174\" data-orig-file=\"https:\/\/i0.wp.com\/blog.kunstgriff.net\/wp-content\/uploads\/2017\/12\/ride-report.jpg?fit=2560%2C1555&amp;ssl=1\" data-orig-size=\"2560,1555\" data-comments-opened=\"1\" data-image-meta=\"{&quot;aperture&quot;:&quot;0&quot;,&quot;credit&quot;:&quot;&quot;,&quot;camera&quot;:&quot;&quot;,&quot;caption&quot;:&quot;&quot;,&quot;created_timestamp&quot;:&quot;0&quot;,&quot;copyright&quot;:&quot;&quot;,&quot;focal_length&quot;:&quot;0&quot;,&quot;iso&quot;:&quot;0&quot;,&quot;shutter_speed&quot;:&quot;0&quot;,&quot;title&quot;:&quot;&quot;,&quot;orientation&quot;:&quot;1&quot;}\" data-image-title=\"ride report\" data-image-description=\"\" data-image-caption=\"\" data-large-file=\"https:\/\/i0.wp.com\/blog.kunstgriff.net\/wp-content\/uploads\/2017\/12\/ride-report.jpg?fit=1024%2C622&amp;ssl=1\" class=\"wp-image-17174 size-full\" src=\"https:\/\/i0.wp.com\/blog.kunstgriff.net\/wp-content\/uploads\/2017\/12\/ride-report.jpg?resize=525%2C319&#038;ssl=1\" alt=\"ride report\" width=\"525\" height=\"319\" srcset=\"https:\/\/i0.wp.com\/blog.kunstgriff.net\/wp-content\/uploads\/2017\/12\/ride-report.jpg?w=2560&amp;ssl=1 2560w, https:\/\/i0.wp.com\/blog.kunstgriff.net\/wp-content\/uploads\/2017\/12\/ride-report.jpg?resize=300%2C182&amp;ssl=1 300w, https:\/\/i0.wp.com\/blog.kunstgriff.net\/wp-content\/uploads\/2017\/12\/ride-report.jpg?resize=768%2C467&amp;ssl=1 768w, https:\/\/i0.wp.com\/blog.kunstgriff.net\/wp-content\/uploads\/2017\/12\/ride-report.jpg?resize=1024%2C622&amp;ssl=1 1024w, https:\/\/i0.wp.com\/blog.kunstgriff.net\/wp-content\/uploads\/2017\/12\/ride-report.jpg?resize=494%2C300&amp;ssl=1 494w, https:\/\/i0.wp.com\/blog.kunstgriff.net\/wp-content\/uploads\/2017\/12\/ride-report.jpg?w=1575&amp;ssl=1 1575w\" sizes=\"auto, (max-width: 767px) 89vw, (max-width: 1000px) 54vw, (max-width: 1071px) 543px, 580px\" \/><\/a><figcaption id=\"caption-attachment-17174\" class=\"wp-caption-text\">ride report<\/figcaption><\/figure>\n","protected":false},"excerpt":{"rendered":"<p>Nun bin ich schon ein wenig in der virtuellen Welt umher gefahren und werde immer wieder gefragt, wie ich denn mein Training auf Zwift so strukturiere. M\u00f6glichkeiten gibt es ja fast unendlich viele. Man sollte nat\u00fcrlich auch \u00fcberlegen, was man mit dem Training erreichen m\u00f6chte. Bei mir war und ist es das Ziel, mit der &hellip; <\/p>\n<p class=\"link-more\"><a href=\"https:\/\/blog.kunstgriff.net\/?page_id=17169\" class=\"more-link\"><span class=\"screen-reader-text\">\u201emein Training auf Zwift\u201c <\/span>weiterlesen<\/a><\/p>\n","protected":false},"author":1,"featured_media":17137,"parent":2688,"menu_order":0,"comment_status":"closed","ping_status":"closed","template":"","meta":{"jetpack_post_was_ever_published":false,"footnotes":""},"class_list":["post-17169","page","type-page","status-publish","has-post-thumbnail","hentry"],"jetpack_shortlink":"https:\/\/wp.me\/P8Cxe7-4sV","jetpack-related-posts":[{"id":17117,"url":"https:\/\/blog.kunstgriff.net\/?page_id=17117","url_meta":{"origin":17169,"position":0},"title":"Zwift","author":"admin","date":"Dezember 9, 2017","format":false,"excerpt":"Vor mehr als 12 Monaten begannen einige meiner besten Rennrad-Buddies ihre Daum Ergometer auf Zwift umzur\u00fcsten. Diese Umstellung erfordert zus\u00e4tzliche Hardware in Form eines Android-Ger\u00e4ts als HUB beziehungsweise \u00bbMittler\u00ab zwischen Zwift und dem Ergometer und ein St\u00fcck kostenpflichtiger Software. F\u00fcr mich war dieser Umstand damals das Ausschlusskriterium. F\u00fcr Googles Android\u2026","rel":"","context":"\u00c4hnlicher Beitrag","block_context":{"text":"\u00c4hnlicher Beitrag","link":""},"img":{"alt_text":"","src":"https:\/\/i0.wp.com\/blog.kunstgriff.net\/wp-content\/uploads\/2017\/12\/ganz-sch%C3%B6n-viel-Schnee.jpg?fit=1200%2C729&ssl=1&resize=350%2C200","width":350,"height":200,"srcset":"https:\/\/i0.wp.com\/blog.kunstgriff.net\/wp-content\/uploads\/2017\/12\/ganz-sch%C3%B6n-viel-Schnee.jpg?fit=1200%2C729&ssl=1&resize=350%2C200 1x, https:\/\/i0.wp.com\/blog.kunstgriff.net\/wp-content\/uploads\/2017\/12\/ganz-sch%C3%B6n-viel-Schnee.jpg?fit=1200%2C729&ssl=1&resize=525%2C300 1.5x, https:\/\/i0.wp.com\/blog.kunstgriff.net\/wp-content\/uploads\/2017\/12\/ganz-sch%C3%B6n-viel-Schnee.jpg?fit=1200%2C729&ssl=1&resize=700%2C400 2x, https:\/\/i0.wp.com\/blog.kunstgriff.net\/wp-content\/uploads\/2017\/12\/ganz-sch%C3%B6n-viel-Schnee.jpg?fit=1200%2C729&ssl=1&resize=1050%2C600 3x"},"classes":[]},{"id":18924,"url":"https:\/\/blog.kunstgriff.net\/?page_id=18924","url_meta":{"origin":17169,"position":1},"title":"Zwift Course Schedule","author":"admin","date":"November 27, 2018","format":false,"excerpt":"Oft bin war ich am Gr\u00fcbeln, welche Strecke (Course) denn heute bei Zwift angeboten wird. Leider ist das Terrain (bisher) nicht frei w\u00e4hlbar und der geneigte Indoor-Radler muss sich an den Zeitplan (Schedule) der Macher aus Kalifornien halten. Mit einem Trick geht es auch anders. Mein Wunsch war einfach: Die\u2026","rel":"","context":"\u00c4hnlicher Beitrag","block_context":{"text":"\u00c4hnlicher Beitrag","link":""},"img":{"alt_text":"","src":"https:\/\/i0.wp.com\/blog.kunstgriff.net\/wp-content\/uploads\/2018\/11\/Course-Schedule.png?fit=1200%2C278&ssl=1&resize=350%2C200","width":350,"height":200,"srcset":"https:\/\/i0.wp.com\/blog.kunstgriff.net\/wp-content\/uploads\/2018\/11\/Course-Schedule.png?fit=1200%2C278&ssl=1&resize=350%2C200 1x, https:\/\/i0.wp.com\/blog.kunstgriff.net\/wp-content\/uploads\/2018\/11\/Course-Schedule.png?fit=1200%2C278&ssl=1&resize=525%2C300 1.5x, https:\/\/i0.wp.com\/blog.kunstgriff.net\/wp-content\/uploads\/2018\/11\/Course-Schedule.png?fit=1200%2C278&ssl=1&resize=700%2C400 2x, https:\/\/i0.wp.com\/blog.kunstgriff.net\/wp-content\/uploads\/2018\/11\/Course-Schedule.png?fit=1200%2C278&ssl=1&resize=1050%2C600 3x"},"classes":[]},{"id":17121,"url":"https:\/\/blog.kunstgriff.net\/?page_id=17121","url_meta":{"origin":17169,"position":2},"title":"Mein Ergometer","author":"admin","date":"Dezember 9, 2017","format":false,"excerpt":"Lange habe ich \u00fcberlegt, wie ich sinnvoll \u00fcber den Winter kommen kann und meine Kondition nicht nur durch Laufeinheiten, McFit und MTB-Touren erhalten bleibt. Bisher hatte ich mich immer dagegen gewehrt, zu Hause Sport zu treiben. Zu Hause ist \u00bbComfort Zone\u00ab\u00a0und soll nicht f\u00fcr Sport genutzt werden. So war bisher\u2026","rel":"","context":"\u00c4hnlicher Beitrag","block_context":{"text":"\u00c4hnlicher Beitrag","link":""},"img":{"alt_text":"ergo","src":"https:\/\/i0.wp.com\/www.daum-electronic.de\/images\/prem\/rot\/pr8iSeit600.jpg?resize=350%2C200","width":350,"height":200},"classes":[]},{"id":47,"url":"https:\/\/blog.kunstgriff.net\/?page_id=47","url_meta":{"origin":17169,"position":3},"title":"Garmin","author":"admin","date":"Oktober 13, 2009","format":false,"excerpt":"Ich bin ein gro\u00dfer Fan von Fitness- und Navigationsprodukten der Firma Garmin. Das hat mir im Rennrad-Forum auch schon den Spitznamen \u00bbGarmin-Schorsch\u00ab eingebracht. Ich lade alle meine Aktivit\u00e4ten zum kostenlosen Portal von Garmin hoch. Dieses hei\u00dft GarminConnect und meine Aktivit\u00e4tsdaten kannst Du Dir hier ansehen. Auf dieser Seite habe ich\u2026","rel":"","context":"In &quot;Allgemein&quot;","block_context":{"text":"Allgemein","link":"https:\/\/blog.kunstgriff.net\/?cat=1"},"img":{"alt_text":"","src":"https:\/\/i0.wp.com\/blog.kunstgriff.net\/wp-content\/uploads\/2018\/04\/noch-nicht-weit-gekommen.jpg?fit=1200%2C800&ssl=1&resize=350%2C200","width":350,"height":200,"srcset":"https:\/\/i0.wp.com\/blog.kunstgriff.net\/wp-content\/uploads\/2018\/04\/noch-nicht-weit-gekommen.jpg?fit=1200%2C800&ssl=1&resize=350%2C200 1x, https:\/\/i0.wp.com\/blog.kunstgriff.net\/wp-content\/uploads\/2018\/04\/noch-nicht-weit-gekommen.jpg?fit=1200%2C800&ssl=1&resize=525%2C300 1.5x, https:\/\/i0.wp.com\/blog.kunstgriff.net\/wp-content\/uploads\/2018\/04\/noch-nicht-weit-gekommen.jpg?fit=1200%2C800&ssl=1&resize=700%2C400 2x, https:\/\/i0.wp.com\/blog.kunstgriff.net\/wp-content\/uploads\/2018\/04\/noch-nicht-weit-gekommen.jpg?fit=1200%2C800&ssl=1&resize=1050%2C600 3x"},"classes":[]},{"id":2688,"url":"https:\/\/blog.kunstgriff.net\/?page_id=2688","url_meta":{"origin":17169,"position":4},"title":"VR Rad-Training","author":"admin","date":"November 5, 2010","format":false,"excerpt":"Lange habe ich \u00fcberlegt, wie ich sinnvoll \u00fcber den Winter kommen kann und meine Kondition nicht nur durch Laufeinheiten, McFit und MTB-Touren erhalten bleibt. Bisher hatte ich mich immer dagegen gewehrt, zu Hause Sport zu treiben. Zu Hause ist \u00bbComfort Zone\u00ab\u00a0und soll nicht f\u00fcr Sport genutzt werden. So war bisher\u2026","rel":"","context":"In &quot;Allgemein&quot;","block_context":{"text":"Allgemein","link":"https:\/\/blog.kunstgriff.net\/?cat=1"},"img":{"alt_text":"ergo","src":"https:\/\/i0.wp.com\/www.daum-electronic.de\/images\/prem\/rot\/pr8iSeit600.jpg?resize=350%2C200","width":350,"height":200},"classes":[]},{"id":15669,"url":"https:\/\/blog.kunstgriff.net\/?page_id=15669","url_meta":{"origin":17169,"position":5},"title":"Fresspuls &#8211; Ein Erkl\u00e4rungsversuch","author":"admin","date":"Mai 28, 2017","format":false,"excerpt":"Erkl\u00e4rung des Begriffs Fress-Puls","rel":"","context":"\u00c4hnlicher Beitrag","block_context":{"text":"\u00c4hnlicher Beitrag","link":""},"img":{"alt_text":"","src":"https:\/\/i0.wp.com\/blog.kunstgriff.net\/wp-content\/uploads\/2017\/05\/Riesen-Kuchenauswahl-beim-Backwahn-in-P%C3%A4wesin.jpg?fit=1200%2C800&ssl=1&resize=350%2C200","width":350,"height":200,"srcset":"https:\/\/i0.wp.com\/blog.kunstgriff.net\/wp-content\/uploads\/2017\/05\/Riesen-Kuchenauswahl-beim-Backwahn-in-P%C3%A4wesin.jpg?fit=1200%2C800&ssl=1&resize=350%2C200 1x, https:\/\/i0.wp.com\/blog.kunstgriff.net\/wp-content\/uploads\/2017\/05\/Riesen-Kuchenauswahl-beim-Backwahn-in-P%C3%A4wesin.jpg?fit=1200%2C800&ssl=1&resize=525%2C300 1.5x, https:\/\/i0.wp.com\/blog.kunstgriff.net\/wp-content\/uploads\/2017\/05\/Riesen-Kuchenauswahl-beim-Backwahn-in-P%C3%A4wesin.jpg?fit=1200%2C800&ssl=1&resize=700%2C400 2x, https:\/\/i0.wp.com\/blog.kunstgriff.net\/wp-content\/uploads\/2017\/05\/Riesen-Kuchenauswahl-beim-Backwahn-in-P%C3%A4wesin.jpg?fit=1200%2C800&ssl=1&resize=1050%2C600 3x"},"classes":[]}],"jetpack_likes_enabled":true,"jetpack_sharing_enabled":true,"_links":{"self":[{"href":"https:\/\/blog.kunstgriff.net\/index.php?rest_route=\/wp\/v2\/pages\/17169","targetHints":{"allow":["GET"]}}],"collection":[{"href":"https:\/\/blog.kunstgriff.net\/index.php?rest_route=\/wp\/v2\/pages"}],"about":[{"href":"https:\/\/blog.kunstgriff.net\/index.php?rest_route=\/wp\/v2\/types\/page"}],"author":[{"embeddable":true,"href":"https:\/\/blog.kunstgriff.net\/index.php?rest_route=\/wp\/v2\/users\/1"}],"replies":[{"embeddable":true,"href":"https:\/\/blog.kunstgriff.net\/index.php?rest_route=%2Fwp%2Fv2%2Fcomments&post=17169"}],"version-history":[{"count":3,"href":"https:\/\/blog.kunstgriff.net\/index.php?rest_route=\/wp\/v2\/pages\/17169\/revisions"}],"predecessor-version":[{"id":23126,"href":"https:\/\/blog.kunstgriff.net\/index.php?rest_route=\/wp\/v2\/pages\/17169\/revisions\/23126"}],"up":[{"embeddable":true,"href":"https:\/\/blog.kunstgriff.net\/index.php?rest_route=\/wp\/v2\/pages\/2688"}],"wp:featuredmedia":[{"embeddable":true,"href":"https:\/\/blog.kunstgriff.net\/index.php?rest_route=\/wp\/v2\/media\/17137"}],"wp:attachment":[{"href":"https:\/\/blog.kunstgriff.net\/index.php?rest_route=%2Fwp%2Fv2%2Fmedia&parent=17169"}],"curies":[{"name":"wp","href":"https:\/\/api.w.org\/{rel}","templated":true}]}}