{"id":18967,"date":"2019-01-15T14:32:21","date_gmt":"2019-01-15T13:32:21","guid":{"rendered":"https:\/\/blog.kunstgriff.net\/?page_id=18967"},"modified":"2022-09-14T21:22:04","modified_gmt":"2022-09-14T19:22:04","slug":"fidlock-flaschen%e2%80%91system","status":"publish","type":"page","link":"https:\/\/blog.kunstgriff.net\/?page_id=18967","title":{"rendered":"Fidlock Flaschen\u2011System"},"content":{"rendered":"<span class=\"span-reading-time rt-reading-time\" style=\"display: block;\"><span class=\"rt-label rt-prefix\">Lesezeit: <\/span> <span class=\"rt-time\"> 2<\/span> <span class=\"rt-label rt-postfix\">Minuten<\/span><\/span><p>Immer wieder mal bin ich an diesen Trinkflaschen vorbei geschrammt. Das letzte mal auf der <a href=\"http:\/\/berlinerfahrradschau.de\/de\/\" target=\"_blank\" rel=\"noopener\">Berliner Fahrrad-Schau<\/a>, als auf deren Stand eindrucksvoll demonstriert wurde, wie gut und zielsicher, der Magnetverschluss funktioniert.<\/p>\n<p>Richtig <em>\u00bbsold\u00ab<\/em> war ich noch nicht, denn keiner meiner Radsport-Kumpanen nutzte dieses Trinksystem an seinem Renner. \u00df-Tester wollte ich nicht sein und mich durch pl\u00f6tzlich l\u00f6senden Trinkflaschen w\u00e4hrend einer Ausfahrt blamieren. Also \u00fcbte ich erstmal Kaufzur\u00fcckhaltung.<\/p>\n<p>Sp\u00e4ter entdeckte ich die FIDLOCK Flaschen auf einem Instagram Post am Cyclecross Rad vom Ren\u00e9. Er best\u00e4tigte mir, dass er FIDLOCK Flaschen erfolgreich beim Radsport-Event <a href=\"http:\/\/www.hoelle-des-ostens.de\" target=\"_blank\" rel=\"noopener\"><em>\u00bbH\u00f6lle des Ostens\u00ab<\/em><\/a> genutzt hatte. Ein Event mit viel Kopfsteinpflaster und \u00fcbelstem Pav\u00e9. So langsam war ich \u00bbSold\u00ab und wollte die Flaschen an meinem Rad haben. Ein 60,-\u20ac Gutschein von <a href=\"https:\/\/shop.zweirad-stadler.de\" target=\"_blank\" rel=\"noopener\">Zweirad-Stadler,<\/a> welchen mir meine liebsten zum Geburtstag geschenkt hatten, half dann nach, diese doch relativ grosse Investition f\u00fcr ein neues Trinkflaschen-System, zu t\u00e4tigen.<\/p>\n<p>Die Montage war kinderleicht: Die alten K\u00f6rbe ab, den Magnethalter ran: Wow! Der Renner sah gleich viel <em>\u00bbcleaner\u00ab<\/em> mit den dezenten\u00a0<span style=\"font-size: 1rem;\">schwarz-matten\u00a0<\/span><span style=\"font-size: 1rem;\">Halteplatten aus.\u00a0<\/span><\/p>\n<p>Jetzt noch die Flaschen einmal durch die Geschirrsp\u00fclmaschine jagen und der ersten magnetischen Ausfahrt stand nix mehr im Wege.<\/p>\n<p>Erst wurde ich ein wenig ungl\u00e4ubig be\u00e4ugt.<em> Kann das denn halten?<\/em> Sp\u00e4ter berichtete ich von meinen ersten positiven Erfahrungen.<\/p>\n<p>Ein wenig gew\u00f6hnungsbed\u00fcrftig ist das System schon, denn ganz ohne Zielen finden die Flaschen ihre Halterung beim wieder-einsetzen nicht. Ein wenig \u00dcbung ist n\u00f6tig. Wenn sie allerdings die Halterung, auch bei schneller Fahrt, gefunden haben, halten sie bomben-fest.<\/p>\n<p><strong>Positiv:<\/strong><\/p>\n<ul>\n<li>sehr stabiler Halt<\/li>\n<li>sauberer Aufbau<\/li>\n<li>wenig bis kein klebendes Iso zwischen Flasche und Halter<\/li>\n<li>einfache Montage<\/li>\n<li>Sp\u00fclmaschinen-Fest<\/li>\n<li>BPE-freier Kunststoff<\/li>\n<\/ul>\n<p><strong>Negativ:<\/strong><\/p>\n<ul>\n<li>Volumen der Flaschen nicht sehr hoch<\/li>\n<li>relativ teuer<\/li>\n<li>nur als Set zu erwerben, keine Einzelteile<\/li>\n<\/ul>\n<p><a href=\"https:\/\/i0.wp.com\/blog.kunstgriff.net\/wp-content\/uploads\/2019\/01\/Rahmen-mit-Fidlock-Flaschen.jpg?ssl=1\"><img data-recalc-dims=\"1\" loading=\"lazy\" decoding=\"async\" data-attachment-id=\"18972\" data-permalink=\"https:\/\/blog.kunstgriff.net\/?attachment_id=18972\" data-orig-file=\"https:\/\/i0.wp.com\/blog.kunstgriff.net\/wp-content\/uploads\/2019\/01\/Rahmen-mit-Fidlock-Flaschen.jpg?fit=2500%2C1875&amp;ssl=1\" data-orig-size=\"2500,1875\" data-comments-opened=\"1\" data-image-meta=\"{&quot;aperture&quot;:&quot;1.8&quot;,&quot;credit&quot;:&quot;&quot;,&quot;camera&quot;:&quot;iPhone XS Max&quot;,&quot;caption&quot;:&quot;&quot;,&quot;created_timestamp&quot;:&quot;1547562258&quot;,&quot;copyright&quot;:&quot;&quot;,&quot;focal_length&quot;:&quot;4.25&quot;,&quot;iso&quot;:&quot;400&quot;,&quot;shutter_speed&quot;:&quot;0.04&quot;,&quot;title&quot;:&quot;&quot;,&quot;orientation&quot;:&quot;1&quot;}\" data-image-title=\"Rahmen mit Fidlock Flaschen\" data-image-description=\"\" data-image-caption=\"\" data-large-file=\"https:\/\/i0.wp.com\/blog.kunstgriff.net\/wp-content\/uploads\/2019\/01\/Rahmen-mit-Fidlock-Flaschen.jpg?fit=1024%2C768&amp;ssl=1\" class=\"aligncenter size-full wp-image-18972\" src=\"https:\/\/i0.wp.com\/blog.kunstgriff.net\/wp-content\/uploads\/2019\/01\/Rahmen-mit-Fidlock-Flaschen.jpg?resize=525%2C394&#038;ssl=1\" alt=\"\" width=\"525\" height=\"394\" srcset=\"https:\/\/i0.wp.com\/blog.kunstgriff.net\/wp-content\/uploads\/2019\/01\/Rahmen-mit-Fidlock-Flaschen.jpg?w=2500&amp;ssl=1 2500w, https:\/\/i0.wp.com\/blog.kunstgriff.net\/wp-content\/uploads\/2019\/01\/Rahmen-mit-Fidlock-Flaschen.jpg?resize=300%2C225&amp;ssl=1 300w, https:\/\/i0.wp.com\/blog.kunstgriff.net\/wp-content\/uploads\/2019\/01\/Rahmen-mit-Fidlock-Flaschen.jpg?resize=768%2C576&amp;ssl=1 768w, https:\/\/i0.wp.com\/blog.kunstgriff.net\/wp-content\/uploads\/2019\/01\/Rahmen-mit-Fidlock-Flaschen.jpg?resize=1024%2C768&amp;ssl=1 1024w, https:\/\/i0.wp.com\/blog.kunstgriff.net\/wp-content\/uploads\/2019\/01\/Rahmen-mit-Fidlock-Flaschen.jpg?w=1575&amp;ssl=1 1575w\" sizes=\"auto, (max-width: 767px) 89vw, (max-width: 1000px) 54vw, (max-width: 1071px) 543px, 580px\" \/><\/a><\/p>\n<p><a href=\"https:\/\/i0.wp.com\/blog.kunstgriff.net\/wp-content\/uploads\/2019\/01\/Rahmen-ohne-Fidlock-Flaschen.jpg?ssl=1\"><img data-recalc-dims=\"1\" loading=\"lazy\" decoding=\"async\" data-attachment-id=\"18970\" data-permalink=\"https:\/\/blog.kunstgriff.net\/?attachment_id=18970\" data-orig-file=\"https:\/\/i0.wp.com\/blog.kunstgriff.net\/wp-content\/uploads\/2019\/01\/Rahmen-ohne-Fidlock-Flaschen.jpg?fit=2500%2C1875&amp;ssl=1\" data-orig-size=\"2500,1875\" data-comments-opened=\"1\" data-image-meta=\"{&quot;aperture&quot;:&quot;1.8&quot;,&quot;credit&quot;:&quot;&quot;,&quot;camera&quot;:&quot;iPhone XS Max&quot;,&quot;caption&quot;:&quot;&quot;,&quot;created_timestamp&quot;:&quot;1547562284&quot;,&quot;copyright&quot;:&quot;&quot;,&quot;focal_length&quot;:&quot;4.25&quot;,&quot;iso&quot;:&quot;400&quot;,&quot;shutter_speed&quot;:&quot;0.04&quot;,&quot;title&quot;:&quot;&quot;,&quot;orientation&quot;:&quot;1&quot;}\" data-image-title=\"Rahmen ohne Fidlock Flaschen\" data-image-description=\"\" data-image-caption=\"\" data-large-file=\"https:\/\/i0.wp.com\/blog.kunstgriff.net\/wp-content\/uploads\/2019\/01\/Rahmen-ohne-Fidlock-Flaschen.jpg?fit=1024%2C768&amp;ssl=1\" class=\"aligncenter size-full wp-image-18970\" src=\"https:\/\/i0.wp.com\/blog.kunstgriff.net\/wp-content\/uploads\/2019\/01\/Rahmen-ohne-Fidlock-Flaschen.jpg?resize=525%2C394&#038;ssl=1\" alt=\"\" width=\"525\" height=\"394\" srcset=\"https:\/\/i0.wp.com\/blog.kunstgriff.net\/wp-content\/uploads\/2019\/01\/Rahmen-ohne-Fidlock-Flaschen.jpg?w=2500&amp;ssl=1 2500w, https:\/\/i0.wp.com\/blog.kunstgriff.net\/wp-content\/uploads\/2019\/01\/Rahmen-ohne-Fidlock-Flaschen.jpg?resize=300%2C225&amp;ssl=1 300w, https:\/\/i0.wp.com\/blog.kunstgriff.net\/wp-content\/uploads\/2019\/01\/Rahmen-ohne-Fidlock-Flaschen.jpg?resize=768%2C576&amp;ssl=1 768w, https:\/\/i0.wp.com\/blog.kunstgriff.net\/wp-content\/uploads\/2019\/01\/Rahmen-ohne-Fidlock-Flaschen.jpg?resize=1024%2C768&amp;ssl=1 1024w, https:\/\/i0.wp.com\/blog.kunstgriff.net\/wp-content\/uploads\/2019\/01\/Rahmen-ohne-Fidlock-Flaschen.jpg?w=1575&amp;ssl=1 1575w\" sizes=\"auto, (max-width: 767px) 89vw, (max-width: 1000px) 54vw, (max-width: 1071px) 543px, 580px\" \/><\/a><\/p>\n<div style=\"width: 525px;\" class=\"wp-video\"><video class=\"wp-video-shortcode\" id=\"video-18967-1\" width=\"525\" height=\"295\" preload=\"metadata\" controls=\"controls\"><source type=\"video\/mp4\" src=\"https:\/\/blog.kunstgriff.net\/wp-content\/uploads\/2019\/01\/einfaches-Entnehmen-der-Fitlock-Flasche.m4v?_=1\" \/><a href=\"https:\/\/blog.kunstgriff.net\/wp-content\/uploads\/2019\/01\/einfaches-Entnehmen-der-Fitlock-Flasche.m4v\">https:\/\/blog.kunstgriff.net\/wp-content\/uploads\/2019\/01\/einfaches-Entnehmen-der-Fitlock-Flasche.m4v<\/a><\/video><\/div>\n<p><strong><em>Fazit:<\/em> <\/strong>Ich liebe das FIDLOCK Flaschen-System und w\u00fcrde es jeder Zeit wieder kaufen.<\/p>\n<p>Wie ich durch eine Pressemitteilung erfahren habe, bietet FIDLOCK jetzt auch einen flexiblen Boa-Verschluss an, der auch andere Gegenst\u00e4nde als Trinkflaschen halten kann. Handels\u00fcbliche Flaschen und Dosen, Jacken oder auch Bluetooth-Lautsprecher finden dank der griffigen Beschichtung und der hohen Klemmkraft des Boa-Systems, welches der ein oder andere sicher von seinen Rennrad-Schuhe her kennt, sicheren Halt am Rahmen. Mal sehen ob ich mir das noch g\u00f6nne, denn hierf\u00fcr m\u00fcssen 39,95\u20ac auf die Radladen-Theke gelegt werden\u2026<\/p>\n<p><a href=\"https:\/\/i0.wp.com\/blog.kunstgriff.net\/wp-content\/uploads\/2019\/01\/Fidlock-Uni-Connector_Design_Innovation_Award2019.jpg?ssl=1\"><img data-recalc-dims=\"1\" loading=\"lazy\" decoding=\"async\" data-attachment-id=\"18966\" data-permalink=\"https:\/\/blog.kunstgriff.net\/?attachment_id=18966\" data-orig-file=\"https:\/\/i0.wp.com\/blog.kunstgriff.net\/wp-content\/uploads\/2019\/01\/Fidlock-Uni-Connector_Design_Innovation_Award2019.jpg?fit=2362%2C1575&amp;ssl=1\" data-orig-size=\"2362,1575\" data-comments-opened=\"1\" data-image-meta=\"{&quot;aperture&quot;:&quot;0&quot;,&quot;credit&quot;:&quot;&quot;,&quot;camera&quot;:&quot;&quot;,&quot;caption&quot;:&quot;&quot;,&quot;created_timestamp&quot;:&quot;0&quot;,&quot;copyright&quot;:&quot;Daniel Geiger&quot;,&quot;focal_length&quot;:&quot;0&quot;,&quot;iso&quot;:&quot;0&quot;,&quot;shutter_speed&quot;:&quot;0&quot;,&quot;title&quot;:&quot;&quot;,&quot;orientation&quot;:&quot;1&quot;}\" data-image-title=\"Fidlock Uni Connector_Design_Innovation_Award2019\" data-image-description=\"\" data-image-caption=\"\" data-large-file=\"https:\/\/i0.wp.com\/blog.kunstgriff.net\/wp-content\/uploads\/2019\/01\/Fidlock-Uni-Connector_Design_Innovation_Award2019.jpg?fit=1024%2C683&amp;ssl=1\" class=\"aligncenter size-full wp-image-18966\" src=\"https:\/\/i0.wp.com\/blog.kunstgriff.net\/wp-content\/uploads\/2019\/01\/Fidlock-Uni-Connector_Design_Innovation_Award2019.jpg?resize=525%2C350&#038;ssl=1\" alt=\"\" width=\"525\" height=\"350\" srcset=\"https:\/\/i0.wp.com\/blog.kunstgriff.net\/wp-content\/uploads\/2019\/01\/Fidlock-Uni-Connector_Design_Innovation_Award2019.jpg?w=2362&amp;ssl=1 2362w, https:\/\/i0.wp.com\/blog.kunstgriff.net\/wp-content\/uploads\/2019\/01\/Fidlock-Uni-Connector_Design_Innovation_Award2019.jpg?resize=300%2C200&amp;ssl=1 300w, https:\/\/i0.wp.com\/blog.kunstgriff.net\/wp-content\/uploads\/2019\/01\/Fidlock-Uni-Connector_Design_Innovation_Award2019.jpg?resize=768%2C512&amp;ssl=1 768w, https:\/\/i0.wp.com\/blog.kunstgriff.net\/wp-content\/uploads\/2019\/01\/Fidlock-Uni-Connector_Design_Innovation_Award2019.jpg?resize=1024%2C683&amp;ssl=1 1024w, https:\/\/i0.wp.com\/blog.kunstgriff.net\/wp-content\/uploads\/2019\/01\/Fidlock-Uni-Connector_Design_Innovation_Award2019.jpg?w=1575&amp;ssl=1 1575w\" sizes=\"auto, (max-width: 767px) 89vw, (max-width: 1000px) 54vw, (max-width: 1071px) 543px, 580px\" \/><\/a><\/p>\n","protected":false},"excerpt":{"rendered":"<p>Immer wieder mal bin ich an diesen Trinkflaschen vorbei geschrammt. Das letzte mal auf der Berliner Fahrrad-Schau, als auf deren Stand eindrucksvoll demonstriert wurde, wie gut und zielsicher, der Magnetverschluss funktioniert. Richtig \u00bbsold\u00ab war ich noch nicht, denn keiner meiner Radsport-Kumpanen nutzte dieses Trinksystem an seinem Renner. \u00df-Tester wollte ich nicht sein und mich durch &hellip; <\/p>\n<p class=\"link-more\"><a href=\"https:\/\/blog.kunstgriff.net\/?page_id=18967\" class=\"more-link\"><span class=\"screen-reader-text\">\u201eFidlock Flaschen\u2011System\u201c <\/span>weiterlesen<\/a><\/p>\n","protected":false},"author":1,"featured_media":0,"parent":18961,"menu_order":9,"comment_status":"closed","ping_status":"closed","template":"","meta":{"jetpack_post_was_ever_published":false,"footnotes":""},"class_list":["post-18967","page","type-page","status-publish","hentry"],"jetpack_shortlink":"https:\/\/wp.me\/P8Cxe7-4VV","jetpack-related-posts":[{"id":17117,"url":"https:\/\/blog.kunstgriff.net\/?page_id=17117","url_meta":{"origin":18967,"position":0},"title":"Zwift","author":"admin","date":"Dezember 9, 2017","format":false,"excerpt":"Vor mehr als 12 Monaten begannen einige meiner besten Rennrad-Buddies ihre Daum Ergometer auf Zwift umzur\u00fcsten. Diese Umstellung erfordert zus\u00e4tzliche Hardware in Form eines Android-Ger\u00e4ts als HUB beziehungsweise \u00bbMittler\u00ab zwischen Zwift und dem Ergometer und ein St\u00fcck kostenpflichtiger Software. F\u00fcr mich war dieser Umstand damals das Ausschlusskriterium. F\u00fcr Googles Android\u2026","rel":"","context":"\u00c4hnlicher Beitrag","block_context":{"text":"\u00c4hnlicher Beitrag","link":""},"img":{"alt_text":"","src":"https:\/\/i0.wp.com\/blog.kunstgriff.net\/wp-content\/uploads\/2017\/12\/ganz-sch%C3%B6n-viel-Schnee.jpg?fit=1200%2C729&ssl=1&resize=350%2C200","width":350,"height":200,"srcset":"https:\/\/i0.wp.com\/blog.kunstgriff.net\/wp-content\/uploads\/2017\/12\/ganz-sch%C3%B6n-viel-Schnee.jpg?fit=1200%2C729&ssl=1&resize=350%2C200 1x, https:\/\/i0.wp.com\/blog.kunstgriff.net\/wp-content\/uploads\/2017\/12\/ganz-sch%C3%B6n-viel-Schnee.jpg?fit=1200%2C729&ssl=1&resize=525%2C300 1.5x, https:\/\/i0.wp.com\/blog.kunstgriff.net\/wp-content\/uploads\/2017\/12\/ganz-sch%C3%B6n-viel-Schnee.jpg?fit=1200%2C729&ssl=1&resize=700%2C400 2x, https:\/\/i0.wp.com\/blog.kunstgriff.net\/wp-content\/uploads\/2017\/12\/ganz-sch%C3%B6n-viel-Schnee.jpg?fit=1200%2C729&ssl=1&resize=1050%2C600 3x"},"classes":[]},{"id":13611,"url":"https:\/\/blog.kunstgriff.net\/?page_id=13611","url_meta":{"origin":18967,"position":1},"title":"\u00dcber mich","author":"admin","date":"Juni 17, 2016","format":false,"excerpt":"Vor fast \u00fcber 1.000 Artikeln habe ich diesen Blog im Mai 2009 begonnen, um mich bei meinen sportlichen Aktivit\u00e4ten zu motivieren und meine damit verbundenen Erlebnisse zu dokumentieren. Ein modernes Tage- oder Erlebnis-Buch sozusagen. Aus diesem Schreib-Hobby\u00a0ist eine kleine Obsession geworden. Nach jeder sportlichen Aktivit\u00e4t, war sie auch noch so\u2026","rel":"","context":"Mit 1 Kommentar","block_context":{"text":"Mit 1 Kommentar","link":"https:\/\/blog.kunstgriff.net\/?page_id=13611#comments"},"img":{"alt_text":"","src":"https:\/\/i0.wp.com\/blog.kunstgriff.net\/wp-content\/uploads\/2012\/07\/Geniales-Rennradwetter-und-beeindruckende-Wolkenformation.jpg?fit=1000%2C750&ssl=1&resize=350%2C200","width":350,"height":200,"srcset":"https:\/\/i0.wp.com\/blog.kunstgriff.net\/wp-content\/uploads\/2012\/07\/Geniales-Rennradwetter-und-beeindruckende-Wolkenformation.jpg?fit=1000%2C750&ssl=1&resize=350%2C200 1x, https:\/\/i0.wp.com\/blog.kunstgriff.net\/wp-content\/uploads\/2012\/07\/Geniales-Rennradwetter-und-beeindruckende-Wolkenformation.jpg?fit=1000%2C750&ssl=1&resize=525%2C300 1.5x, https:\/\/i0.wp.com\/blog.kunstgriff.net\/wp-content\/uploads\/2012\/07\/Geniales-Rennradwetter-und-beeindruckende-Wolkenformation.jpg?fit=1000%2C750&ssl=1&resize=700%2C400 2x"},"classes":[]},{"id":17169,"url":"https:\/\/blog.kunstgriff.net\/?page_id=17169","url_meta":{"origin":18967,"position":2},"title":"mein Training auf Zwift","author":"admin","date":"Dezember 25, 2017","format":false,"excerpt":"Nun bin ich schon ein wenig in der virtuellen Welt umher gefahren und werde immer wieder gefragt, wie ich denn mein Training auf Zwift so strukturiere. M\u00f6glichkeiten gibt es ja fast unendlich viele. Man sollte nat\u00fcrlich auch \u00fcberlegen, was man mit dem Training erreichen m\u00f6chte. Bei mir war und ist\u2026","rel":"","context":"\u00c4hnlicher Beitrag","block_context":{"text":"\u00c4hnlicher Beitrag","link":""},"img":{"alt_text":"","src":"https:\/\/i0.wp.com\/blog.kunstgriff.net\/wp-content\/uploads\/2017\/12\/virtuelle-Windschattenlutscher-hinter-mir.jpg?fit=1200%2C729&ssl=1&resize=350%2C200","width":350,"height":200,"srcset":"https:\/\/i0.wp.com\/blog.kunstgriff.net\/wp-content\/uploads\/2017\/12\/virtuelle-Windschattenlutscher-hinter-mir.jpg?fit=1200%2C729&ssl=1&resize=350%2C200 1x, https:\/\/i0.wp.com\/blog.kunstgriff.net\/wp-content\/uploads\/2017\/12\/virtuelle-Windschattenlutscher-hinter-mir.jpg?fit=1200%2C729&ssl=1&resize=525%2C300 1.5x, https:\/\/i0.wp.com\/blog.kunstgriff.net\/wp-content\/uploads\/2017\/12\/virtuelle-Windschattenlutscher-hinter-mir.jpg?fit=1200%2C729&ssl=1&resize=700%2C400 2x, https:\/\/i0.wp.com\/blog.kunstgriff.net\/wp-content\/uploads\/2017\/12\/virtuelle-Windschattenlutscher-hinter-mir.jpg?fit=1200%2C729&ssl=1&resize=1050%2C600 3x"},"classes":[]},{"id":15669,"url":"https:\/\/blog.kunstgriff.net\/?page_id=15669","url_meta":{"origin":18967,"position":3},"title":"Fresspuls &#8211; Ein Erkl\u00e4rungsversuch","author":"admin","date":"Mai 28, 2017","format":false,"excerpt":"Erkl\u00e4rung des Begriffs Fress-Puls","rel":"","context":"\u00c4hnlicher Beitrag","block_context":{"text":"\u00c4hnlicher Beitrag","link":""},"img":{"alt_text":"","src":"https:\/\/i0.wp.com\/blog.kunstgriff.net\/wp-content\/uploads\/2017\/05\/Riesen-Kuchenauswahl-beim-Backwahn-in-P%C3%A4wesin.jpg?fit=1200%2C800&ssl=1&resize=350%2C200","width":350,"height":200,"srcset":"https:\/\/i0.wp.com\/blog.kunstgriff.net\/wp-content\/uploads\/2017\/05\/Riesen-Kuchenauswahl-beim-Backwahn-in-P%C3%A4wesin.jpg?fit=1200%2C800&ssl=1&resize=350%2C200 1x, https:\/\/i0.wp.com\/blog.kunstgriff.net\/wp-content\/uploads\/2017\/05\/Riesen-Kuchenauswahl-beim-Backwahn-in-P%C3%A4wesin.jpg?fit=1200%2C800&ssl=1&resize=525%2C300 1.5x, https:\/\/i0.wp.com\/blog.kunstgriff.net\/wp-content\/uploads\/2017\/05\/Riesen-Kuchenauswahl-beim-Backwahn-in-P%C3%A4wesin.jpg?fit=1200%2C800&ssl=1&resize=700%2C400 2x, https:\/\/i0.wp.com\/blog.kunstgriff.net\/wp-content\/uploads\/2017\/05\/Riesen-Kuchenauswahl-beim-Backwahn-in-P%C3%A4wesin.jpg?fit=1200%2C800&ssl=1&resize=1050%2C600 3x"},"classes":[]},{"id":47,"url":"https:\/\/blog.kunstgriff.net\/?page_id=47","url_meta":{"origin":18967,"position":4},"title":"Garmin","author":"admin","date":"Oktober 13, 2009","format":false,"excerpt":"Ich bin ein gro\u00dfer Fan von Fitness- und Navigationsprodukten der Firma Garmin. Das hat mir im Rennrad-Forum auch schon den Spitznamen \u00bbGarmin-Schorsch\u00ab eingebracht. Ich lade alle meine Aktivit\u00e4ten zum kostenlosen Portal von Garmin hoch. Dieses hei\u00dft GarminConnect und meine Aktivit\u00e4tsdaten kannst Du Dir hier ansehen. Auf dieser Seite habe ich\u2026","rel":"","context":"In &quot;Allgemein&quot;","block_context":{"text":"Allgemein","link":"https:\/\/blog.kunstgriff.net\/?cat=1"},"img":{"alt_text":"","src":"https:\/\/i0.wp.com\/blog.kunstgriff.net\/wp-content\/uploads\/2018\/04\/noch-nicht-weit-gekommen.jpg?fit=1200%2C800&ssl=1&resize=350%2C200","width":350,"height":200,"srcset":"https:\/\/i0.wp.com\/blog.kunstgriff.net\/wp-content\/uploads\/2018\/04\/noch-nicht-weit-gekommen.jpg?fit=1200%2C800&ssl=1&resize=350%2C200 1x, https:\/\/i0.wp.com\/blog.kunstgriff.net\/wp-content\/uploads\/2018\/04\/noch-nicht-weit-gekommen.jpg?fit=1200%2C800&ssl=1&resize=525%2C300 1.5x, https:\/\/i0.wp.com\/blog.kunstgriff.net\/wp-content\/uploads\/2018\/04\/noch-nicht-weit-gekommen.jpg?fit=1200%2C800&ssl=1&resize=700%2C400 2x, https:\/\/i0.wp.com\/blog.kunstgriff.net\/wp-content\/uploads\/2018\/04\/noch-nicht-weit-gekommen.jpg?fit=1200%2C800&ssl=1&resize=1050%2C600 3x"},"classes":[]},{"id":18961,"url":"https:\/\/blog.kunstgriff.net\/?page_id=18961","url_meta":{"origin":18967,"position":5},"title":"Produkte","author":"admin","date":"Januar 15, 2019","format":false,"excerpt":"Immer mal wieder laufen mir, neben meinem Garmin auch andere Produkte \u00fcber den Weg, die ich dann teste, und hier meinen Senf dazu gebe. Nicht, dass ich jetzt in die Fu\u00dfstapfen von DC-Rainmaker oder Shane Miller treten m\u00f6chte. \u00a0Aber wenn ich etwas entdecke, was ich als sinnvoll erachte und mit\u2026","rel":"","context":"\u00c4hnlicher Beitrag","block_context":{"text":"\u00c4hnlicher Beitrag","link":""},"img":{"alt_text":"","src":"","width":0,"height":0},"classes":[]}],"jetpack_likes_enabled":true,"jetpack_sharing_enabled":true,"_links":{"self":[{"href":"https:\/\/blog.kunstgriff.net\/index.php?rest_route=\/wp\/v2\/pages\/18967","targetHints":{"allow":["GET"]}}],"collection":[{"href":"https:\/\/blog.kunstgriff.net\/index.php?rest_route=\/wp\/v2\/pages"}],"about":[{"href":"https:\/\/blog.kunstgriff.net\/index.php?rest_route=\/wp\/v2\/types\/page"}],"author":[{"embeddable":true,"href":"https:\/\/blog.kunstgriff.net\/index.php?rest_route=\/wp\/v2\/users\/1"}],"replies":[{"embeddable":true,"href":"https:\/\/blog.kunstgriff.net\/index.php?rest_route=%2Fwp%2Fv2%2Fcomments&post=18967"}],"version-history":[{"count":1,"href":"https:\/\/blog.kunstgriff.net\/index.php?rest_route=\/wp\/v2\/pages\/18967\/revisions"}],"predecessor-version":[{"id":23130,"href":"https:\/\/blog.kunstgriff.net\/index.php?rest_route=\/wp\/v2\/pages\/18967\/revisions\/23130"}],"up":[{"embeddable":true,"href":"https:\/\/blog.kunstgriff.net\/index.php?rest_route=\/wp\/v2\/pages\/18961"}],"wp:attachment":[{"href":"https:\/\/blog.kunstgriff.net\/index.php?rest_route=%2Fwp%2Fv2%2Fmedia&parent=18967"}],"curies":[{"name":"wp","href":"https:\/\/api.w.org\/{rel}","templated":true}]}}