{"id":47,"date":"2009-10-13T08:08:42","date_gmt":"2009-10-13T06:08:42","guid":{"rendered":"http:\/\/blog.kunstgriff.net\/?page_id=47"},"modified":"2022-09-14T21:11:47","modified_gmt":"2022-09-14T19:11:47","slug":"garmin","status":"publish","type":"page","link":"https:\/\/blog.kunstgriff.net\/?page_id=47","title":{"rendered":"Garmin"},"content":{"rendered":"<span class=\"span-reading-time rt-reading-time\" style=\"display: block;\"><span class=\"rt-label rt-prefix\">Lesezeit: <\/span> <span class=\"rt-time\"> 5<\/span> <span class=\"rt-label rt-postfix\">Minuten<\/span><\/span><p>Ich bin ein gro\u00dfer Fan von Fitness- und Navigationsprodukten der Firma <a href=\"http:\/\/www.garmin.com\/garmin\/cms\/site\/de\/\">Garmin<\/a>.<\/p>\n<p>Das hat mir im <a href=\"http:\/\/www.rennrad-news.de\/forum\/forumdisplay.php?f=16\">Rennrad-Forum<\/a> auch schon den Spitznamen <strong>\u00bbGarmin-Schorsch\u00ab<\/strong> eingebracht. Ich lade alle meine Aktivit\u00e4ten zum kostenlosen Portal von Garmin hoch. Dieses hei\u00dft <a href=\"http:\/\/connect.garmin.com\/\" target=\"_blank\" rel=\"noopener\">GarminConnect<\/a> und meine Aktivit\u00e4tsdaten kannst Du Dir <a href=\"https:\/\/connect.garmin.com\/modern\/profile\/georg-l\" target=\"_blank\" rel=\"noopener\">hier<\/a> ansehen.<\/p>\n<p>Auf dieser Seite habe ich nun alle wichtigen und interessanten Links zu den verschiedenen Produkten der Firma Garmin, welche ich selbst besitze, zusammengestellt. Solltest Du Fragen dazu haben, kannst Du gerne einen Kommentar hinterlassen und ich versuche dann zu antworten.<\/p>\n<p><strong><a href=\"http:\/\/www.amazon.de\/gp\/product\/B001690VC6\/ref=as_li_ss_tl?ie=UTF8&amp;tag=gaba08-21&amp;linkCode=as2&amp;camp=1638&amp;creative=19454&amp;creativeASIN=B001690VC6\">Garmin Edge 705<\/a><img loading=\"lazy\" decoding=\"async\" style=\"border: none !important; margin: 0px !important;\" src=\"http:\/\/www.assoc-amazon.de\/e\/ir?t=&amp;l=as2&amp;o=3&amp;a=B001690VC6\" alt=\"\" width=\"1\" height=\"1\" border=\"0\" \/><\/strong><\/p>\n<p>Garmin Edge Blog <a href=\"http:\/\/garminedge.wordpress.com\/\" target=\"_blank\" rel=\"noopener\">http:\/\/garminedge.wordpress.com\/<\/a><\/p>\n<p>Garmin Edge erkl\u00e4rt <a href=\"http:\/\/www.rennradliste-streckendatenbank.de\/content\/view\/52\/38\/1\/1\/\" target=\"_blank\" rel=\"noopener\">http:\/\/www.rennradliste-streckendatenbank.de\/content\/view\/52\/38\/1\/1\/<\/a><\/p>\n<p>Garmin Edge Naviboard <a href=\"http:\/\/www.naviboard.de\/vb\/forumdisplay.php?f=68\" target=\"_blank\" rel=\"noopener\">http:\/\/www.naviboard.de\/vb\/forumdisplay.php?f=68<\/a><\/p>\n<p><a href=\"http:\/\/www.amazon.de\/gp\/product\/B00424LN5G\/ref=as_li_ss_tl?ie=UTF8&amp;tag=gaba08-21&amp;linkCode=as2&amp;camp=1638&amp;creative=19454&amp;creativeASIN=B00424LN5G\"><strong>Garmin Edge 800<\/strong><\/a><strong><img loading=\"lazy\" decoding=\"async\" style=\"border: none !important; margin: 0px !important;\" src=\"http:\/\/www.assoc-amazon.de\/e\/ir?t=&amp;l=as2&amp;o=3&amp;a=B00424LN5G\" alt=\"\" width=\"1\" height=\"1\" border=\"0\" \/><\/strong><\/p>\n<p><a href=\"http:\/\/www.mcseven.me\/2011\/05\/garmin-edge-800\/\" target=\"_blank\" rel=\"noopener\">Sehr gute Seite<\/a> in der alle wichtigen Funktionen des Edge 800 kritisch durchleuchtet werden<\/p>\n<p><strong>Garmin Edge 305<\/strong><\/p>\n<p>Garmin Edge 305 Software Update <a href=\"http:\/\/www8.garmin.com\/support\/collection.jsp?product=010-00447-00\" target=\"_blank\" rel=\"noopener\">http:\/\/www8.garmin.com\/support\/collection.jsp?product=010-00447-00<\/a><\/p>\n<p><strong><a href=\"http:\/\/www.amazon.de\/gp\/product\/B001JAGZC2\/ref=as_li_ss_tl?ie=UTF8&amp;tag=gaba08-21&amp;linkCode=as2&amp;camp=1638&amp;creative=19454&amp;creativeASIN=B001JAGZC2\">Garmin Forerunner 405<\/a><img loading=\"lazy\" decoding=\"async\" style=\"border: none !important; margin: 0px !important;\" src=\"http:\/\/www.assoc-amazon.de\/e\/ir?t=&amp;l=as2&amp;o=3&amp;a=B001JAGZC2\" alt=\"\" width=\"1\" height=\"1\" border=\"0\" \/><\/strong><\/p>\n<p><strong>Software<\/strong><\/p>\n<p><em>Mac:<\/em><br \/>\nAscent \u00a0<a href=\"http:\/\/www.montebellosoftware.com\/\" target=\"_blank\" rel=\"noopener\">http:\/\/www.montebellosoftware.com\/<\/a><\/p>\n<p><em>Windows PC:<\/em><br \/>\nSportTracks 3 <a href=\"http:\/\/www.zonefivesoftware.com\/sporttracks\/\">http:\/\/www.zonefivesoftware.com\/sporttracks\/<\/a><\/p>\n<p><em>Linux, Mac, Win &#8211; Multiplattform:<\/em><br \/>\nBikexperience\u00a0<a href=\"http:\/\/www.bikexperience.de\/\" target=\"_blank\" rel=\"noopener\">http:\/\/www.bikexperience.de\/<br \/>\n<\/a>MyTourbook <a href=\"http:\/\/mytourbook.sourceforge.net\/mytourbook\/\" target=\"_blank\" rel=\"noopener\">http:\/\/mytourbook.sourceforge.net\/mytourbook\/ <\/a><\/p>\n<p><strong>Online:<\/strong><\/p>\n<p><a href=\"http:\/\/trainingstagebuch.org\/\" target=\"_blank\" rel=\"noopener\">Trainingstagebuch.org<\/a> eine sehr gelungene WebSite mit allen erdenklichen Auswertungsm\u00f6glichkeiten. F\u00fcr den Anf\u00e4nger bis zum Profi. Kommunikation mit dem Autor der Seite ist auch sehr angenehm. Kann diese Seite w\u00e4rmstens Empfehlen und bei Gefallen solltest Du \u00fcber eine Spende f\u00fcr die <a href=\"http:\/\/trainingstagebuch.blogspot.com\/2010\/12\/nachgelegt-exklusive-pro-funktionen.html\" target=\"_blank\" rel=\"noopener\">Pro-Features<\/a> dort nachdenken.<\/p>\n<p><a href=\"http:\/\/connect.garmin.com\/\" target=\"_blank\" rel=\"noopener\">Garmin Connect<\/a> ist die offizielle Seite von Garmin zum Strecken\/Trainings hochladen. Funktioniert, l\u00e4sst aber viele Funktionen vermissen. F\u00fcr einen \u00dcberblick \u00fcber die Strecken\/Training sehr gut, viele Details fehlen aber oder sind schlecht ausgef\u00fchrt. F\u00fcr den Anfang aber durchaus zu empfehlen. Wenn man seinen Freunden seine Trainings online pr\u00e4sentieren m\u00f6chte, eine klasse L\u00f6sung.<\/p>\n<p><a href=\"http:\/\/www.strava.com\" target=\"_blank\" rel=\"noopener\">Strava<\/a> ist ebenfalls eine Seite auf welche Du Deine Aktivit\u00e4ten hoch laden kannst. Im Unterschied zu den anderen Portalen kannst Du Dich hier mit Deinen Freunden verkn\u00fcpfen und Dich auf ausgew\u00e4hlten Streckenabschnitten mit ihnen messen. F\u00fcr Segmente, auf denen Du die Bestzeit gefahren bist erh\u00e4ltst Du die Auszeichnung <em>KOM<\/em>, was f\u00fcr <em>King-of-Mountain<\/em> steht. Die Seite macht gro\u00dfen Spass und motiviert ungemein zum schneller und weiter fahren.<\/p>\n<p><em><strong>Mein Tip:<\/strong><\/em> Trainingsdaten <em>nicht <\/em>ausschlie\u00dflich online sichern. Sollte der Dienst einmal eingestellt werden sind Deine Trainingsdaten f\u00fcr immer verloren. Auch ein Export aller Deine Strecken\/Training kann dann sehr m\u00fchsam sein. Verwende ein Offline-Tool wie <a href=\"http:\/\/www.montebellosoftware.com\/\" target=\"_blank\" rel=\"noopener\">Ascent<\/a> (Mac) oder <a href=\"http:\/\/www.zonefivesoftware.com\/sporttracks\/\" target=\"_blank\" rel=\"noopener\">Sportstracks<\/a> (PC) um <em>Deine<\/em> Strecken\/Trainings auf <em>Deinem<\/em> Computer zu sichern. Kostenlos geht es auch offline mit dem <a href=\"http:\/\/www.garmin.com\/garmin\/cms\/us\/intosports\/training_center\" target=\"_blank\" rel=\"noopener\">GarminTrainingsCenter.<\/a> Zus\u00e4tzlich immer Backups anfertigen, aber das weisst Du ja bereits.<\/p>\n<hr \/>\n<p><strong>Vor-<\/strong> und <strong>Nachteile<\/strong> des <a href=\"http:\/\/www.amazon.de\/gp\/product\/B001690VC6\/ref=as_li_ss_tl?ie=UTF8&amp;tag=gaba08-21&amp;linkCode=as2&amp;camp=1638&amp;creative=19454&amp;creativeASIN=B001690VC6\"><strong>Garmin Edge 705<\/strong><\/a> gegen\u00fcber dem <a href=\"http:\/\/www.amazon.de\/gp\/product\/B00424LN5G\/ref=as_li_ss_tl?ie=UTF8&amp;tag=gaba08-21&amp;linkCode=as2&amp;camp=1638&amp;creative=19454&amp;creativeASIN=B00424LN5G\"><strong>Garmin Edge 800<\/strong><\/a><strong><img loading=\"lazy\" decoding=\"async\" src=\"http:\/\/www.assoc-amazon.de\/e\/ir?t=&amp;l=as2&amp;o=3&amp;a=B00424LN5G\" alt=\"\" width=\"1\" height=\"1\" border=\"0\" \/><\/strong>:<\/p>\n<p><a href=\"http:\/\/www.amazon.de\/gp\/product\/B001690VC6\/ref=as_li_ss_tl?ie=UTF8&amp;tag=gaba08-21&amp;linkCode=as2&amp;camp=1638&amp;creative=19454&amp;creativeASIN=B001690VC6\"><strong>Garmin Edge 705<\/strong><\/a><strong>:<\/strong><\/p>\n<p><strong>+ <\/strong>Perfektes Display. Je st\u00e4rker die Sonne scheint um so besser ist es abzulesen<br \/>\n<strong>+ <\/strong>Akkulaufzeit l\u00e4nger als beim Edge 800 (~14 Stunden)<br \/>\n<strong>+ <\/strong>interner Speicher von 1 GB. Edge 800 nur 100 MB.<br \/>\n+ Drahtloser Versand von Strecken von Edge 705 zu Edge 705 m\u00f6glich.<\/p>\n<p><strong>&#8211; <\/strong>Routenberechnung dauert manchmal ewig. H\u00e4ngt sehr lange auf 100%<br \/>\n<strong>&#8211;<\/strong> Prozessor manchmal langsam. Bei Neuberechnung w\u00e4hrend der Fahrt sehr nervig.<br \/>\n<strong>&#8211; <\/strong>Keine Abbiegehinweise bei geladenen TCX-Daten<br \/>\n<strong>&#8211; <\/strong>Etwas klobige Anmutung auf dem Vorbau<br \/>\n<strong>&#8211; <\/strong>Nur eine Karte auf der Micro-SD-Karte nutzbar. Umschalten nur durch umbenennen auf einem PC.<\/p>\n<p><a href=\"http:\/\/www.amazon.de\/gp\/product\/B00424LN5G\/ref=as_li_ss_tl?ie=UTF8&amp;tag=gaba08-21&amp;linkCode=as2&amp;camp=1638&amp;creative=19454&amp;creativeASIN=B00424LN5G\"><strong>Garmin Edge 800<\/strong><\/a><strong><img loading=\"lazy\" decoding=\"async\" src=\"http:\/\/www.assoc-amazon.de\/e\/ir?t=&amp;l=as2&amp;o=3&amp;a=B00424LN5G\" alt=\"\" width=\"1\" height=\"1\" border=\"0\" \/><\/strong><\/p>\n<p>+ Display hat ein paar mehr Pixel Aufl\u00f6sung<br \/>\n+\u00a0Kartendarstellung besser. (Rendering)<br \/>\n+\u00a0schnellerer Prozessor<br \/>\n+ Aufzeichnung\/Anzeige der Au\u00dfentemperatur<br \/>\n+\u00a0Neigung mit Dezimalstelle<br \/>\n+\u00a0Anzeige\/Berechnung der vertikalen Aufstiegsgeschwindigkeit<br \/>\n+\u00a0TCX-Daten mit Abbiegehinweisen<br \/>\n+ sch\u00f6neres Geh\u00e4use<\/p>\n<p>&#8211;\u00a0Akkulaufzeit 1-2 Stunden k\u00fcrzer als beim Edge 705<br \/>\n&#8211;\u00a0Display bei viel Sonne schwerer abzulesen<br \/>\n&#8211;\u00a0Textrendering verschwommen<br \/>\n&#8211;\u00a0Kein Datenaustausch zwischen Ger\u00e4ten der Edge Serie per Funk (<a href=\"http:\/\/www.thisisant.com\/\" target=\"_blank\" rel=\"noopener\">Ant+<\/a>)<\/p>\n<p><em><strong>Fazit: <\/strong><\/em>Wenn ich mir heute einen Edge kaufen wollte, w\u00fcrde ich wieder zum<img loading=\"lazy\" decoding=\"async\" src=\"http:\/\/www.assoc-amazon.de\/e\/ir?t=&amp;l=as2&amp;o=3&amp;a=B00424LN5G\" alt=\"\" width=\"1\" height=\"1\" border=\"0\" \/> Garmin Edge 800 greifen. Wenn man allerdings den Garmin Edge 705 \u00a0bereits besitzt, gibt es wenige Argumente auf den Garmin Edge 800 zu sparen. Der Garmin Edge 705 wird seit Januar 2011 nicht mehr hergestellt. Die Wahl hat sich somit in K\u00fcrze wenn alle Restbest\u00e4nde verkauft sind, sowieso erledigt.<\/p>\n<p>H\u00e4tte Garmin ein h\u00f6her aufgel\u00f6stes Display im Edge 800 verbaut, die Akkulaufzeit um 2 \u2013 4 Stunden erh\u00f6ht, w\u00e4re ihnen ein ganz gro\u00dfer Wurf gelungen. So ist das Ger\u00e4t <em>\u00bbnice to have\u00ab<\/em> aber kein <em>\u00bbmust have\u00ab<\/em>.<\/p>\n<p><strong><em>Nachtrag (12. Juni 2017):<\/em> <\/strong>Seit ein paar Monaten fahre ich mit dem <a href=\"http:\/\/amzn.to\/2se8Wrb\">Garmin 820<\/a>. Der Kauf war eher ein Impulskauf. Ich wollte einfach mal was Neues. Das Fazit f\u00e4llt eher ern\u00fcchternd aus. Aktuell ist das Ger\u00e4t bei Software Version 7.0. Viele Dinge funktionieren nicht richtig oder auch schlechter als beim Garmin Edge 800. Der Garmin Edge 800 war das zuverl\u00e4ssigste und genauste Ger\u00e4t, welches ich zur Aufzeichnung besessen habe.<\/p>\n<p>Durch die neuen Funktionen, wie die installierbaren Widgets und die Verkn\u00fcpfung mit meiner DI2 Shimano Schaltung wurde ich quasi gen\u00f6tigt den <a href=\"http:\/\/amzn.to\/2se8Wrb\">Edge 820<\/a> zu nutzen.<\/p>\n<p>Dinge die mir am<a href=\"http:\/\/amzn.to\/2se8Wrb\"> Edge 820<\/a> <strong>nicht gefallen:<\/strong><\/p>\n<ul>\n<li>Touchscreen ist sehr st\u00f6rrisch und reagiert oft \u00fcberhaupt nicht auf Druck oder Wischen<\/li>\n<li>Steigungs-Anzeige funktioniert nur sporadisch. Gerade an P\u00e4ssen eine Katastrophe. Das hat der Edge 800 perfekt hinbekommen. Warum nicht auch der 820?<\/li>\n<li>Sensoren werden nach dem Ruhezustand bei einer Pause nicht automatisch wieder gefunden.<\/li>\n<li>Zwei Abst\u00fcrze w\u00e4hrend einer Ausfahrt. Zum Gl\u00fcck war die Aufzeichnung nicht defekt, sonst w\u00e4re der Garmin zur\u00fcck gegangen.<\/li>\n<li>Abbiegehinweise bei der Navigation sehr sp\u00e4t und oft auch nicht funktionierend.<\/li>\n<li>Virtueller Partner nicht abschaltbar.<\/li>\n<li>Akkulaufzeit ok, aber nicht \u00fcberragend (\u2205 9 Stunden bei allen Sensoren an (Fernbedienung, DI2-Monitoring, Wattkurbel, Geschwindigkeitssensor in der Hinterradnabe und Pulsgurt; Navigation an; Displaybeleuchtung, Bluetooth und WLAN aus)<\/li>\n<li>H\u00f6henprofil nicht mit Karte kombinierbar, wie beim Wahoo.<\/li>\n<\/ul>\n<p><strong>Gefallen tut mir:<\/strong><\/p>\n<ul>\n<li>kompaktes Geh\u00e4use<\/li>\n<li>griffige Tasten<\/li>\n<li>gute Einbindung aller neuen Funktionen<\/li>\n<\/ul>\n<p><span style=\"font-size: 9px;\">P.S. Sollte ich bei dem Vergleich etwas vergessen habe freue ich mich \u00fcber einen Kommentar oder Richtigstellung\/Klarstellung auch per email. <\/span><\/p>\n<hr \/>\n<p>Seit April 2011 nehme ich an dem amazonPartnerNet teil. Wenn Du auf einen der obigen Links klickst und dar\u00fcber ein Produkt auf amazon kaufst, erhalte ich einen kleinen Prozentsatz vom Umsatz. <em>Vielen Dank!<\/em><\/p>\n","protected":false},"excerpt":{"rendered":"<p>Ich bin ein gro\u00dfer Fan von Fitness- und Navigationsprodukten der Firma Garmin. Das hat mir im Rennrad-Forum auch schon den Spitznamen \u00bbGarmin-Schorsch\u00ab eingebracht. Ich lade alle meine Aktivit\u00e4ten zum kostenlosen Portal von Garmin hoch. Dieses hei\u00dft GarminConnect und meine Aktivit\u00e4tsdaten kannst Du Dir hier ansehen. Auf dieser Seite habe ich nun alle wichtigen und interessanten &hellip; <\/p>\n<p class=\"link-more\"><a href=\"https:\/\/blog.kunstgriff.net\/?page_id=47\" class=\"more-link\"><span class=\"screen-reader-text\">\u201eGarmin\u201c <\/span>weiterlesen<\/a><\/p>\n","protected":false},"author":1,"featured_media":17657,"parent":18961,"menu_order":5,"comment_status":"open","ping_status":"open","template":"","meta":{"jetpack_post_was_ever_published":false,"footnotes":""},"class_list":["post-47","page","type-page","status-publish","has-post-thumbnail","hentry"],"jetpack_shortlink":"https:\/\/wp.me\/P8Cxe7-L","jetpack-related-posts":[{"id":18961,"url":"https:\/\/blog.kunstgriff.net\/?page_id=18961","url_meta":{"origin":47,"position":0},"title":"Produkte","author":"admin","date":"Januar 15, 2019","format":false,"excerpt":"Immer mal wieder laufen mir, neben meinem Garmin auch andere Produkte \u00fcber den Weg, die ich dann teste, und hier meinen Senf dazu gebe. Nicht, dass ich jetzt in die Fu\u00dfstapfen von DC-Rainmaker oder Shane Miller treten m\u00f6chte. \u00a0Aber wenn ich etwas entdecke, was ich als sinnvoll erachte und mit\u2026","rel":"","context":"\u00c4hnlicher Beitrag","block_context":{"text":"\u00c4hnlicher Beitrag","link":""},"img":{"alt_text":"","src":"","width":0,"height":0},"classes":[]},{"id":2688,"url":"https:\/\/blog.kunstgriff.net\/?page_id=2688","url_meta":{"origin":47,"position":1},"title":"VR Rad-Training","author":"admin","date":"November 5, 2010","format":false,"excerpt":"Lange habe ich \u00fcberlegt, wie ich sinnvoll \u00fcber den Winter kommen kann und meine Kondition nicht nur durch Laufeinheiten, McFit und MTB-Touren erhalten bleibt. Bisher hatte ich mich immer dagegen gewehrt, zu Hause Sport zu treiben. Zu Hause ist \u00bbComfort Zone\u00ab\u00a0und soll nicht f\u00fcr Sport genutzt werden. So war bisher\u2026","rel":"","context":"In &quot;Allgemein&quot;","block_context":{"text":"Allgemein","link":"https:\/\/blog.kunstgriff.net\/?cat=1"},"img":{"alt_text":"ergo","src":"https:\/\/i0.wp.com\/www.daum-electronic.de\/images\/prem\/rot\/pr8iSeit600.jpg?resize=350%2C200","width":350,"height":200},"classes":[]},{"id":17121,"url":"https:\/\/blog.kunstgriff.net\/?page_id=17121","url_meta":{"origin":47,"position":2},"title":"Mein Ergometer","author":"admin","date":"Dezember 9, 2017","format":false,"excerpt":"Lange habe ich \u00fcberlegt, wie ich sinnvoll \u00fcber den Winter kommen kann und meine Kondition nicht nur durch Laufeinheiten, McFit und MTB-Touren erhalten bleibt. Bisher hatte ich mich immer dagegen gewehrt, zu Hause Sport zu treiben. Zu Hause ist \u00bbComfort Zone\u00ab\u00a0und soll nicht f\u00fcr Sport genutzt werden. So war bisher\u2026","rel":"","context":"\u00c4hnlicher Beitrag","block_context":{"text":"\u00c4hnlicher Beitrag","link":""},"img":{"alt_text":"ergo","src":"https:\/\/i0.wp.com\/www.daum-electronic.de\/images\/prem\/rot\/pr8iSeit600.jpg?resize=350%2C200","width":350,"height":200},"classes":[]},{"id":17117,"url":"https:\/\/blog.kunstgriff.net\/?page_id=17117","url_meta":{"origin":47,"position":3},"title":"Zwift","author":"admin","date":"Dezember 9, 2017","format":false,"excerpt":"Vor mehr als 12 Monaten begannen einige meiner besten Rennrad-Buddies ihre Daum Ergometer auf Zwift umzur\u00fcsten. Diese Umstellung erfordert zus\u00e4tzliche Hardware in Form eines Android-Ger\u00e4ts als HUB beziehungsweise \u00bbMittler\u00ab zwischen Zwift und dem Ergometer und ein St\u00fcck kostenpflichtiger Software. F\u00fcr mich war dieser Umstand damals das Ausschlusskriterium. F\u00fcr Googles Android\u2026","rel":"","context":"\u00c4hnlicher Beitrag","block_context":{"text":"\u00c4hnlicher Beitrag","link":""},"img":{"alt_text":"","src":"https:\/\/i0.wp.com\/blog.kunstgriff.net\/wp-content\/uploads\/2017\/12\/ganz-sch%C3%B6n-viel-Schnee.jpg?fit=1200%2C729&ssl=1&resize=350%2C200","width":350,"height":200,"srcset":"https:\/\/i0.wp.com\/blog.kunstgriff.net\/wp-content\/uploads\/2017\/12\/ganz-sch%C3%B6n-viel-Schnee.jpg?fit=1200%2C729&ssl=1&resize=350%2C200 1x, https:\/\/i0.wp.com\/blog.kunstgriff.net\/wp-content\/uploads\/2017\/12\/ganz-sch%C3%B6n-viel-Schnee.jpg?fit=1200%2C729&ssl=1&resize=525%2C300 1.5x, https:\/\/i0.wp.com\/blog.kunstgriff.net\/wp-content\/uploads\/2017\/12\/ganz-sch%C3%B6n-viel-Schnee.jpg?fit=1200%2C729&ssl=1&resize=700%2C400 2x, https:\/\/i0.wp.com\/blog.kunstgriff.net\/wp-content\/uploads\/2017\/12\/ganz-sch%C3%B6n-viel-Schnee.jpg?fit=1200%2C729&ssl=1&resize=1050%2C600 3x"},"classes":[]},{"id":17169,"url":"https:\/\/blog.kunstgriff.net\/?page_id=17169","url_meta":{"origin":47,"position":4},"title":"mein Training auf Zwift","author":"admin","date":"Dezember 25, 2017","format":false,"excerpt":"Nun bin ich schon ein wenig in der virtuellen Welt umher gefahren und werde immer wieder gefragt, wie ich denn mein Training auf Zwift so strukturiere. M\u00f6glichkeiten gibt es ja fast unendlich viele. Man sollte nat\u00fcrlich auch \u00fcberlegen, was man mit dem Training erreichen m\u00f6chte. Bei mir war und ist\u2026","rel":"","context":"\u00c4hnlicher Beitrag","block_context":{"text":"\u00c4hnlicher Beitrag","link":""},"img":{"alt_text":"","src":"https:\/\/i0.wp.com\/blog.kunstgriff.net\/wp-content\/uploads\/2017\/12\/virtuelle-Windschattenlutscher-hinter-mir.jpg?fit=1200%2C729&ssl=1&resize=350%2C200","width":350,"height":200,"srcset":"https:\/\/i0.wp.com\/blog.kunstgriff.net\/wp-content\/uploads\/2017\/12\/virtuelle-Windschattenlutscher-hinter-mir.jpg?fit=1200%2C729&ssl=1&resize=350%2C200 1x, https:\/\/i0.wp.com\/blog.kunstgriff.net\/wp-content\/uploads\/2017\/12\/virtuelle-Windschattenlutscher-hinter-mir.jpg?fit=1200%2C729&ssl=1&resize=525%2C300 1.5x, https:\/\/i0.wp.com\/blog.kunstgriff.net\/wp-content\/uploads\/2017\/12\/virtuelle-Windschattenlutscher-hinter-mir.jpg?fit=1200%2C729&ssl=1&resize=700%2C400 2x, https:\/\/i0.wp.com\/blog.kunstgriff.net\/wp-content\/uploads\/2017\/12\/virtuelle-Windschattenlutscher-hinter-mir.jpg?fit=1200%2C729&ssl=1&resize=1050%2C600 3x"},"classes":[]},{"id":13611,"url":"https:\/\/blog.kunstgriff.net\/?page_id=13611","url_meta":{"origin":47,"position":5},"title":"\u00dcber mich","author":"admin","date":"Juni 17, 2016","format":false,"excerpt":"Vor fast \u00fcber 1.000 Artikeln habe ich diesen Blog im Mai 2009 begonnen, um mich bei meinen sportlichen Aktivit\u00e4ten zu motivieren und meine damit verbundenen Erlebnisse zu dokumentieren. Ein modernes Tage- oder Erlebnis-Buch sozusagen. Aus diesem Schreib-Hobby\u00a0ist eine kleine Obsession geworden. Nach jeder sportlichen Aktivit\u00e4t, war sie auch noch so\u2026","rel":"","context":"Mit 1 Kommentar","block_context":{"text":"Mit 1 Kommentar","link":"https:\/\/blog.kunstgriff.net\/?page_id=13611#comments"},"img":{"alt_text":"","src":"https:\/\/i0.wp.com\/blog.kunstgriff.net\/wp-content\/uploads\/2012\/07\/Geniales-Rennradwetter-und-beeindruckende-Wolkenformation.jpg?fit=1000%2C750&ssl=1&resize=350%2C200","width":350,"height":200,"srcset":"https:\/\/i0.wp.com\/blog.kunstgriff.net\/wp-content\/uploads\/2012\/07\/Geniales-Rennradwetter-und-beeindruckende-Wolkenformation.jpg?fit=1000%2C750&ssl=1&resize=350%2C200 1x, https:\/\/i0.wp.com\/blog.kunstgriff.net\/wp-content\/uploads\/2012\/07\/Geniales-Rennradwetter-und-beeindruckende-Wolkenformation.jpg?fit=1000%2C750&ssl=1&resize=525%2C300 1.5x, https:\/\/i0.wp.com\/blog.kunstgriff.net\/wp-content\/uploads\/2012\/07\/Geniales-Rennradwetter-und-beeindruckende-Wolkenformation.jpg?fit=1000%2C750&ssl=1&resize=700%2C400 2x"},"classes":[]}],"jetpack_likes_enabled":true,"jetpack_sharing_enabled":true,"_links":{"self":[{"href":"https:\/\/blog.kunstgriff.net\/index.php?rest_route=\/wp\/v2\/pages\/47","targetHints":{"allow":["GET"]}}],"collection":[{"href":"https:\/\/blog.kunstgriff.net\/index.php?rest_route=\/wp\/v2\/pages"}],"about":[{"href":"https:\/\/blog.kunstgriff.net\/index.php?rest_route=\/wp\/v2\/types\/page"}],"author":[{"embeddable":true,"href":"https:\/\/blog.kunstgriff.net\/index.php?rest_route=\/wp\/v2\/users\/1"}],"replies":[{"embeddable":true,"href":"https:\/\/blog.kunstgriff.net\/index.php?rest_route=%2Fwp%2Fv2%2Fcomments&post=47"}],"version-history":[{"count":1,"href":"https:\/\/blog.kunstgriff.net\/index.php?rest_route=\/wp\/v2\/pages\/47\/revisions"}],"predecessor-version":[{"id":23127,"href":"https:\/\/blog.kunstgriff.net\/index.php?rest_route=\/wp\/v2\/pages\/47\/revisions\/23127"}],"up":[{"embeddable":true,"href":"https:\/\/blog.kunstgriff.net\/index.php?rest_route=\/wp\/v2\/pages\/18961"}],"wp:featuredmedia":[{"embeddable":true,"href":"https:\/\/blog.kunstgriff.net\/index.php?rest_route=\/wp\/v2\/media\/17657"}],"wp:attachment":[{"href":"https:\/\/blog.kunstgriff.net\/index.php?rest_route=%2Fwp%2Fv2%2Fmedia&parent=47"}],"curies":[{"name":"wp","href":"https:\/\/api.w.org\/{rel}","templated":true}]}}