{"id":5781,"date":"2012-01-01T11:30:08","date_gmt":"2012-01-01T10:30:08","guid":{"rendered":"http:\/\/blog.kunstgriff.net\/?page_id=5781"},"modified":"2013-12-31T19:50:13","modified_gmt":"2013-12-31T18:50:13","slug":"%c2%bbto-do%c2%ab-in-2012","status":"publish","type":"page","link":"https:\/\/blog.kunstgriff.net\/?page_id=5781","title":{"rendered":"\u00bbDone\u00ab in 2012"},"content":{"rendered":"<span class=\"span-reading-time rt-reading-time\" style=\"display: block;\"><span class=\"rt-label rt-prefix\">Lesezeit: <\/span> <span class=\"rt-time\"> &lt; 1<\/span> <span class=\"rt-label rt-postfix\">Minute<\/span><\/span><table>\n<tbody>\n<tr>\n<th>Datum<\/th>\n<th>Veranstalter<\/th>\n<th>Mein<\/th>\n<\/tr>\n<tr>\n<td>09. \u2013 18. M\u00e4rz<\/td>\n<td><a href=\"http:\/\/blog.kunstgriff.net\/Bilda\/TrainingslagerMallorca2012.htm\" target=\"_blank\">Trainingscamp Mallorca <\/a><\/td>\n<td><span style=\"color: #008000;\"><strong><span style=\"color: #008000;\"><span style=\"font-size: large;\"> \u221a<\/span><\/span><\/strong><\/span> <a href=\"http:\/\/blog.kunstgriff.net\/?p=7446\" target=\"_blank\">Artikel-Link<\/a><\/td>\n<\/tr>\n<tr class=\"even\">\n<td>14. April<\/td>\n<td><a href=\"http:\/\/www.gpsies.com\/map.do?fileId=jvuouifutiafzkvi\" target=\"_blank\">Oranienburg -&gt; Warnem\u00fcnde<\/a><\/td>\n<td><span style=\"color: #008000;\"><strong><span style=\"color: #008000;\"><span style=\"font-size: large;\"> \u221a<\/span><\/span><\/strong><\/span> <a href=\"http:\/\/blog.kunstgriff.net\/?p=7721\" target=\"_blank\">Artikel-Link<\/a><\/td>\n<\/tr>\n<tr>\n<td>28. April<\/td>\n<td><a href=\"http:\/\/www.lbb-radsport.de\/zur-schorfheide\/alle-informationen\/index.php\" target=\"_blank\">RTF \u00bbzur Schorfheide\u00ab Nr. 2082<\/a><\/td>\n<td><span style=\"color: #008000;\"><strong><span style=\"color: #008000;\"><span style=\"font-size: large;\"> \u221a<\/span><\/span><\/strong><\/span> <a href=\"http:\/\/blog.kunstgriff.net\/?p=7794\" target=\"_blank\">Artikel-Link<\/a><\/td>\n<\/tr>\n<tr>\n<td>29. April<\/td>\n<td><a href=\"http:\/\/www.lbb-radsport.de\/rvg-nord-berlin\/nordexpress\/index.php\" target=\"_blank\">RTF \u00bbNordexpress\u00ab &#8211; Nr. 2093 (151 km)<\/a><\/td>\n<td><span style=\"color: #008000;\"><strong><span style=\"color: #008000;\"><span style=\"font-size: large;\"> \u221a<\/span><\/span><\/strong><\/span> <a href=\"http:\/\/blog.kunstgriff.net\/?p=7807\" target=\"_blank\">Artikel-Link<\/a><\/td>\n<\/tr>\n<tr>\n<td>12. Mai<\/td>\n<td><a href=\"http:\/\/www.gpsies.com\/map.do?fileId=cdwtzizcmclognxo\" target=\"_blank\">Oranienburg -&gt; \u00dcckeritz auf Usedom (215 km)<\/a><\/td>\n<td><span style=\"color: #008000;\"><strong><span style=\"color: #008000;\"><span style=\"font-size: large;\"> \u221a<\/span><\/span><\/strong><\/span> <a href=\"http:\/\/blog.kunstgriff.net\/?p=7870\" target=\"_blank\">Artikel-Link<\/a><\/td>\n<\/tr>\n<tr>\n<td>16. &#8211; 20. Mai<\/td>\n<td><a href=\"http:\/\/www.itf-radreisen.de\/\" target=\"_blank\">11. Jedermann-Friedensfahrt 2012<\/a><\/td>\n<td><span style=\"color: #008000;\"><strong><span style=\"color: #008000;\"><span style=\"font-size: large;\"> \u221a<\/span><\/span><\/strong><\/span> Tag <a href=\"http:\/\/blog.kunstgriff.net\/?p=7900\" target=\"_blank\">1<\/a>,<a href=\"http:\/\/blog.kunstgriff.net\/?p=7907\" target=\"_blank\">2<\/a>,<a href=\"http:\/\/blog.kunstgriff.net\/?p=7910\" target=\"_blank\">3<\/a><a href=\"http:\/\/blog.kunstgriff.net\/?p=7915\" target=\"_blank\">,4<\/a>,<a href=\"http:\/\/blog.kunstgriff.net\/?p=7920\" target=\"_blank\">5<\/a>,<a href=\"http:\/\/blog.kunstgriff.net\/?p=7924\" target=\"_blank\">6<\/a><\/td>\n<\/tr>\n<tr>\n<td>10. Juni<\/td>\n<td><a href=\"http:\/\/www.skoda-velothon-berlin.de\/index.php\/de\/veranstaltung\" target=\"_blank\">\u0160koda Velothon Berlin 2012<\/a><\/td>\n<td><span style=\"color: #008000;\"><strong><span style=\"color: #008000;\"><span style=\"font-size: large;\"> \u221a<\/span><\/span><\/strong><\/span> <a href=\"http:\/\/blog.kunstgriff.net\/?p=8140\" target=\"_blank\">Artikel-Link<\/a><\/td>\n<\/tr>\n<tr>\n<td>16. Juni<\/td>\n<td><a href=\"http:\/\/www.wff-berlin.de\/rad\/berfi2012.html\" target=\"_blank\">Radmarathon Berlin-Fichtelberg (BerFi II) (350 km)<\/a><\/td>\n<td><span style=\"color: #008000;\"><strong><span style=\"color: #008000;\"><span style=\"font-size: large;\"> \u221a<\/span><\/span><\/strong><\/span> <a href=\"http:\/\/blog.kunstgriff.net\/?p=8229\" target=\"_blank\">Artikel-Link<\/a><\/td>\n<\/tr>\n<tr>\n<td>21. Juni<\/td>\n<td><a style=\"font-style: normal;\" href=\"http:\/\/www.gletscherkaiser.at\/\" target=\"_blank\">10. Kaunertaler Gletscherkaiser<\/a><\/td>\n<td><span style=\"color: #008000;\"><strong><span style=\"color: #008000;\"><span style=\"font-size: large;\"> \u221a<\/span><\/span><\/strong><\/span> <a href=\"http:\/\/blog.kunstgriff.net\/?p=8299\" target=\"_blank\">Artikel-Link<\/a><\/td>\n<\/tr>\n<tr>\n<td>24. Juni<\/td>\n<td><a style=\"font-style: normal;\" href=\"http:\/\/www.dreilaendergiro.at\/\" target=\"_blank\">19. Dreil\u00e4ndergiro Nauders<\/a><\/td>\n<td><span style=\"color: #008000;\"><strong><span style=\"color: #008000;\"><span style=\"font-size: large;\"> \u221a<\/span><\/span><\/strong><\/span> <a href=\"http:\/\/blog.kunstgriff.net\/?p=8358\" target=\"_blank\">Artikel-Link<\/a><\/td>\n<\/tr>\n<tr>\n<td>13. \u2013 15. Juli<\/td>\n<td><a href=\"http:\/\/www.tannenpark.de\/Tannenpark\/Willkommen.html\" target=\"_blank\">Rennrad-Wochenende im Harz<\/a><\/td>\n<td><span style=\"color: #008000;\"><strong><span style=\"color: #008000;\"><span style=\"font-size: large;\"> \u221a<\/span><\/span><\/strong><\/span> Tag <a href=\"http:\/\/blog.kunstgriff.net\/?p=8516\" target=\"_blank\">1<\/a>,<a href=\"http:\/\/blog.kunstgriff.net\/?p=8519\" target=\"_blank\">2<\/a>,<a href=\"http:\/\/blog.kunstgriff.net\/?p=8523\" target=\"_blank\">3<\/a><\/td>\n<\/tr>\n<tr>\n<td>29. Juli<\/td>\n<td><a href=\"https:\/\/www.arberradmarathon.de\/\" target=\"_blank\">28. Arber-Radmarathon<\/a><\/td>\n<td><span style=\"color: #008000;\"><strong><span style=\"color: #008000;\"><span style=\"font-size: large;\"> \u221a<\/span><\/span><\/strong><\/span> <a href=\"http:\/\/blog.kunstgriff.net\/?p=8775\" target=\"_blank\">Artikel-Link<\/a><\/td>\n<\/tr>\n<tr>\n<td>5. August<\/td>\n<td><a href=\"http:\/\/www.frankenwald-radmarathon.de\/index.html\" target=\"_blank\">10. Frankenwald Radmarahon<\/a><\/td>\n<td><span style=\"color: #008000;\"><strong><span style=\"color: #008000;\"><span style=\"font-size: large;\"> \u221a<\/span><\/span><\/strong><\/span> <a href=\"http:\/\/blog.kunstgriff.net\/?p=8841\" target=\"_blank\">Artikel-Link<\/a><\/td>\n<td><\/td>\n<\/tr>\n<tr>\n<td>6. Oktober<\/td>\n<td><del><a href=\"http:\/\/www.huegelmarathon.de\/\" target=\"_blank\"><span style=\"font-style: normal;\">8. Prenzlauer H\u00fcgelmarathon<\/span><\/a><\/del><\/td>\n<td>keine Zeit gehabt +<br \/>\nmieses Wetter<\/td>\n<\/tr>\n<tr>\n<td>13. Oktober<\/td>\n<td><a href=\"http:\/\/www.audaxclub-sh.de\/node\/460\" target=\"_blank\">Einzelzeitfahren\/Teamzeitfahren Hamburg \u2013 Berlin<\/a><\/td>\n<td><span style=\"color: #008000;\"><strong><span style=\"color: #008000;\"><span style=\"font-size: large;\"> \u221a<\/span><\/span><\/strong><\/span> <a href=\"http:\/\/blog.kunstgriff.net\/?p=9289\" target=\"_blank\">Artikel-Link<\/a><\/td>\n<td><\/td>\n<\/tr>\n<\/tbody>\n<\/table>\n","protected":false},"excerpt":{"rendered":"<p>Datum Veranstalter Mein 09. \u2013 18. M\u00e4rz Trainingscamp Mallorca \u221a Artikel-Link 14. April Oranienburg -&gt; Warnem\u00fcnde \u221a Artikel-Link 28. April RTF \u00bbzur Schorfheide\u00ab Nr. 2082 \u221a Artikel-Link 29. April RTF \u00bbNordexpress\u00ab &#8211; Nr. 2093 (151 km) \u221a Artikel-Link 12. Mai Oranienburg -&gt; \u00dcckeritz auf Usedom (215 km) \u221a Artikel-Link 16. &#8211; 20. Mai 11. Jedermann-Friedensfahrt &hellip; <\/p>\n<p class=\"link-more\"><a href=\"https:\/\/blog.kunstgriff.net\/?page_id=5781\" class=\"more-link\"><span class=\"screen-reader-text\">\u201e\u00bbDone\u00ab in 2012\u201c <\/span>weiterlesen<\/a><\/p>\n","protected":false},"author":2,"featured_media":0,"parent":220,"menu_order":18,"comment_status":"open","ping_status":"open","template":"","meta":{"jetpack_post_was_ever_published":false,"footnotes":""},"class_list":["post-5781","page","type-page","status-publish","hentry"],"jetpack_shortlink":"https:\/\/wp.me\/P8Cxe7-1vf","jetpack-related-posts":[{"id":2766,"url":"https:\/\/blog.kunstgriff.net\/?page_id=2766","url_meta":{"origin":5781,"position":0},"title":"\u00bbDone\u00ab in 2011","author":"admin","date":"November 8, 2010","format":false,"excerpt":"10.03.2011 \u2013 18.03.2011 Cape Argus Pick 'n Pay 2011\u221a (Artikel-Link) 03.04.2011 \u2013 17.04.2011 Trainingscamp Mallorca\u221a (Artikel-Link) 01.06.2011 \u2013 05.06.2011 Jedermann \u2013 \u201eFriedensfahrt\u201c 2011\u221a (Artikel-Link) 17.06.2011 - 18.06.2011 V\u00e4tternrundan 300 km\u221a (Artikel-Link) 23.06.2011 Team-Zeitfahren vom Eisenschweinkader\u221a (Artikel-Link) 25.06.2011 - 27.06.2011 FichKona\u221a (Artikel-Link) 02.07.2011 - 10.07.2011 quaeldich.de-Deutschland-Rundfahrt 2011\u221a (Artikel-Link) 31.07.2011 27. Arber-Radmarathon\u221a\u2026","rel":"","context":"In &quot;Allgemein&quot;","block_context":{"text":"Allgemein","link":"https:\/\/blog.kunstgriff.net\/?cat=1"},"img":{"alt_text":"","src":"","width":0,"height":0},"classes":[]},{"id":15669,"url":"https:\/\/blog.kunstgriff.net\/?page_id=15669","url_meta":{"origin":5781,"position":1},"title":"Fresspuls &#8211; Ein Erkl\u00e4rungsversuch","author":"admin","date":"Mai 28, 2017","format":false,"excerpt":"Erkl\u00e4rung des Begriffs Fress-Puls","rel":"","context":"\u00c4hnlicher Beitrag","block_context":{"text":"\u00c4hnlicher Beitrag","link":""},"img":{"alt_text":"","src":"https:\/\/i0.wp.com\/blog.kunstgriff.net\/wp-content\/uploads\/2017\/05\/Riesen-Kuchenauswahl-beim-Backwahn-in-P%C3%A4wesin.jpg?fit=1200%2C800&ssl=1&resize=350%2C200","width":350,"height":200,"srcset":"https:\/\/i0.wp.com\/blog.kunstgriff.net\/wp-content\/uploads\/2017\/05\/Riesen-Kuchenauswahl-beim-Backwahn-in-P%C3%A4wesin.jpg?fit=1200%2C800&ssl=1&resize=350%2C200 1x, https:\/\/i0.wp.com\/blog.kunstgriff.net\/wp-content\/uploads\/2017\/05\/Riesen-Kuchenauswahl-beim-Backwahn-in-P%C3%A4wesin.jpg?fit=1200%2C800&ssl=1&resize=525%2C300 1.5x, https:\/\/i0.wp.com\/blog.kunstgriff.net\/wp-content\/uploads\/2017\/05\/Riesen-Kuchenauswahl-beim-Backwahn-in-P%C3%A4wesin.jpg?fit=1200%2C800&ssl=1&resize=700%2C400 2x, https:\/\/i0.wp.com\/blog.kunstgriff.net\/wp-content\/uploads\/2017\/05\/Riesen-Kuchenauswahl-beim-Backwahn-in-P%C3%A4wesin.jpg?fit=1200%2C800&ssl=1&resize=1050%2C600 3x"},"classes":[]},{"id":11230,"url":"https:\/\/blog.kunstgriff.net\/?page_id=11230","url_meta":{"origin":5781,"position":2},"title":"\u00bbTo-Do\u00ab in 2014","author":"admin","date":"Dezember 31, 2013","format":false,"excerpt":"DATUM VERANSTALTER MEIN Februar Paris-Brest-Paris auf meinem Ergometer 30. M\u00e4rz 34. Vattenfall Halbmarathon 31. M\u00e4rz - 11. April Trainingscamp Port de Pollenca Mallorca \u00a0 26. April Spreewald Marathon 200 km \u00a0 27. Mai - 1. Juni 13. Jedermann-Friedensfahrt 2014 \u00a0 23. - 27. Juni Club der Verr\u00fcckten - Mt. Ventoux\u2026","rel":"","context":"\u00c4hnlicher Beitrag","block_context":{"text":"\u00c4hnlicher Beitrag","link":""},"img":{"alt_text":"","src":"","width":0,"height":0},"classes":[]},{"id":13611,"url":"https:\/\/blog.kunstgriff.net\/?page_id=13611","url_meta":{"origin":5781,"position":3},"title":"\u00dcber mich","author":"admin","date":"Juni 17, 2016","format":false,"excerpt":"Vor fast \u00fcber 1.000 Artikeln habe ich diesen Blog im Mai 2009 begonnen, um mich bei meinen sportlichen Aktivit\u00e4ten zu motivieren und meine damit verbundenen Erlebnisse zu dokumentieren. Ein modernes Tage- oder Erlebnis-Buch sozusagen. Aus diesem Schreib-Hobby\u00a0ist eine kleine Obsession geworden. Nach jeder sportlichen Aktivit\u00e4t, war sie auch noch so\u2026","rel":"","context":"Mit 1 Kommentar","block_context":{"text":"Mit 1 Kommentar","link":"https:\/\/blog.kunstgriff.net\/?page_id=13611#comments"},"img":{"alt_text":"","src":"https:\/\/i0.wp.com\/blog.kunstgriff.net\/wp-content\/uploads\/2012\/07\/Geniales-Rennradwetter-und-beeindruckende-Wolkenformation.jpg?fit=1000%2C750&ssl=1&resize=350%2C200","width":350,"height":200,"srcset":"https:\/\/i0.wp.com\/blog.kunstgriff.net\/wp-content\/uploads\/2012\/07\/Geniales-Rennradwetter-und-beeindruckende-Wolkenformation.jpg?fit=1000%2C750&ssl=1&resize=350%2C200 1x, https:\/\/i0.wp.com\/blog.kunstgriff.net\/wp-content\/uploads\/2012\/07\/Geniales-Rennradwetter-und-beeindruckende-Wolkenformation.jpg?fit=1000%2C750&ssl=1&resize=525%2C300 1.5x, https:\/\/i0.wp.com\/blog.kunstgriff.net\/wp-content\/uploads\/2012\/07\/Geniales-Rennradwetter-und-beeindruckende-Wolkenformation.jpg?fit=1000%2C750&ssl=1&resize=700%2C400 2x"},"classes":[]},{"id":16,"url":"https:\/\/blog.kunstgriff.net\/?page_id=16","url_meta":{"origin":5781,"position":4},"title":"Impressum","author":"admin","date":"Oktober 12, 2009","format":false,"excerpt":"Anbieter Georg J. Lutz Parkstra\u00dfe 21 13585 Berlin Mobil: +49-163-588 93 67 info [ett] kunstgriff [punkt] net Verantwortlich f\u00fcr die Artikel-Inhalte sind die zeichnenden Autoren, deren Meinung nicht zwingend meine Meinung ist. Ich \u00fcbernehme keine Verantwortung oder Haftung f\u00fcr die Inhalte externer Websites. Ich setze sowohl den gesunden Menschenverstand als\u2026","rel":"","context":"In &quot;Allgemein&quot;","block_context":{"text":"Allgemein","link":"https:\/\/blog.kunstgriff.net\/?cat=1"},"img":{"alt_text":"","src":"","width":0,"height":0},"classes":[]},{"id":47,"url":"https:\/\/blog.kunstgriff.net\/?page_id=47","url_meta":{"origin":5781,"position":5},"title":"Garmin","author":"admin","date":"Oktober 13, 2009","format":false,"excerpt":"Ich bin ein gro\u00dfer Fan von Fitness- und Navigationsprodukten der Firma Garmin. Das hat mir im Rennrad-Forum auch schon den Spitznamen \u00bbGarmin-Schorsch\u00ab eingebracht. Ich lade alle meine Aktivit\u00e4ten zum kostenlosen Portal von Garmin hoch. Dieses hei\u00dft GarminConnect und meine Aktivit\u00e4tsdaten kannst Du Dir hier ansehen. Auf dieser Seite habe ich\u2026","rel":"","context":"In &quot;Allgemein&quot;","block_context":{"text":"Allgemein","link":"https:\/\/blog.kunstgriff.net\/?cat=1"},"img":{"alt_text":"","src":"https:\/\/i0.wp.com\/blog.kunstgriff.net\/wp-content\/uploads\/2018\/04\/noch-nicht-weit-gekommen.jpg?fit=1200%2C800&ssl=1&resize=350%2C200","width":350,"height":200,"srcset":"https:\/\/i0.wp.com\/blog.kunstgriff.net\/wp-content\/uploads\/2018\/04\/noch-nicht-weit-gekommen.jpg?fit=1200%2C800&ssl=1&resize=350%2C200 1x, https:\/\/i0.wp.com\/blog.kunstgriff.net\/wp-content\/uploads\/2018\/04\/noch-nicht-weit-gekommen.jpg?fit=1200%2C800&ssl=1&resize=525%2C300 1.5x, https:\/\/i0.wp.com\/blog.kunstgriff.net\/wp-content\/uploads\/2018\/04\/noch-nicht-weit-gekommen.jpg?fit=1200%2C800&ssl=1&resize=700%2C400 2x, https:\/\/i0.wp.com\/blog.kunstgriff.net\/wp-content\/uploads\/2018\/04\/noch-nicht-weit-gekommen.jpg?fit=1200%2C800&ssl=1&resize=1050%2C600 3x"},"classes":[]}],"jetpack_likes_enabled":true,"jetpack_sharing_enabled":true,"_links":{"self":[{"href":"https:\/\/blog.kunstgriff.net\/index.php?rest_route=\/wp\/v2\/pages\/5781","targetHints":{"allow":["GET"]}}],"collection":[{"href":"https:\/\/blog.kunstgriff.net\/index.php?rest_route=\/wp\/v2\/pages"}],"about":[{"href":"https:\/\/blog.kunstgriff.net\/index.php?rest_route=\/wp\/v2\/types\/page"}],"author":[{"embeddable":true,"href":"https:\/\/blog.kunstgriff.net\/index.php?rest_route=\/wp\/v2\/users\/2"}],"replies":[{"embeddable":true,"href":"https:\/\/blog.kunstgriff.net\/index.php?rest_route=%2Fwp%2Fv2%2Fcomments&post=5781"}],"version-history":[{"count":0,"href":"https:\/\/blog.kunstgriff.net\/index.php?rest_route=\/wp\/v2\/pages\/5781\/revisions"}],"up":[{"embeddable":true,"href":"https:\/\/blog.kunstgriff.net\/index.php?rest_route=\/wp\/v2\/pages\/220"}],"wp:attachment":[{"href":"https:\/\/blog.kunstgriff.net\/index.php?rest_route=%2Fwp%2Fv2%2Fmedia&parent=5781"}],"curies":[{"name":"wp","href":"https:\/\/api.w.org\/{rel}","templated":true}]}}